Last updated on 2024-05-13 05:52:27 CEST.
Flavor | Version | Tinstall | Tcheck | Ttotal | Status | Flags |
---|---|---|---|---|---|---|
r-devel-linux-x86_64-debian-clang | 0.1.8 | 6.03 | 73.78 | 79.81 | OK | |
r-devel-linux-x86_64-debian-gcc | 0.1.8 | 4.23 | 56.96 | 61.19 | OK | |
r-devel-linux-x86_64-fedora-clang | 0.1.8 | 97.39 | NOTE | |||
r-devel-linux-x86_64-fedora-gcc | 0.1.8 | 124.82 | NOTE | |||
r-devel-windows-x86_64 | 0.1.8 | 7.00 | 80.00 | 87.00 | OK | |
r-patched-linux-x86_64 | 0.1.8 | 3.70 | 70.81 | 74.51 | OK | |
r-release-linux-x86_64 | 0.1.8 | 4.76 | 71.48 | 76.24 | OK | |
r-release-macos-arm64 | 0.1.8 | 50.00 | OK | |||
r-release-windows-x86_64 | 0.1.8 | 6.00 | 81.00 | 87.00 | OK | |
r-oldrel-macos-arm64 | 0.1.8 | 52.00 | OK | |||
r-oldrel-macos-x86_64 | 0.1.8 | 76.00 | OK | |||
r-oldrel-windows-x86_64 | 0.1.8 | 7.00 | 93.00 | 100.00 | OK |
Version: 0.1.8
Check: data for non-ASCII characters
Result: NOTE
Note: found 2385 marked UTF-8 strings
Flavors: r-devel-linux-x86_64-fedora-clang, r-devel-linux-x86_64-fedora-gcc