Last updated on 2023-03-20 11:53:43 CET.
Flavor | Version | Tinstall | Tcheck | Ttotal | Status | Flags |
---|---|---|---|---|---|---|
r-devel-linux-x86_64-debian-clang | 0.1.0 | OK | ||||
r-devel-linux-x86_64-debian-gcc | 0.1.0 | 1.58 | 58.75 | 60.33 | OK | |
r-devel-linux-x86_64-fedora-clang | 0.1.0 | 96.43 | NOTE | |||
r-devel-linux-x86_64-fedora-gcc | 0.1.0 | 104.54 | NOTE | |||
r-devel-windows-x86_64 | 0.1.0 | 21.00 | 107.00 | 128.00 | OK | |
r-patched-linux-x86_64 | 0.1.0 | 2.92 | 78.89 | 81.81 | OK | |
r-release-linux-x86_64 | 0.1.0 | 2.41 | 74.76 | 77.17 | OK | |
r-release-macos-arm64 | 0.1.0 | 27.00 | NOTE | |||
r-release-macos-x86_64 | 0.1.0 | 54.00 | NOTE | |||
r-release-windows-x86_64 | 0.1.0 | 31.00 | 104.00 | 135.00 | OK | |
r-oldrel-macos-arm64 | 0.1.0 | 42.00 | NOTE | |||
r-oldrel-macos-x86_64 | 0.1.0 | 51.00 | NOTE | |||
r-oldrel-windows-ix86+x86_64 | 0.1.0 | 7.00 | 112.00 | 119.00 | OK |
Version: 0.1.0
Check: dependencies in R code
Result: NOTE
Namespaces in Imports field not imported from:
‘ggplot2’ ‘misc3d’
All declared Imports should be used.
Flavors: r-devel-linux-x86_64-fedora-clang, r-devel-linux-x86_64-fedora-gcc, r-release-macos-arm64, r-release-macos-x86_64, r-oldrel-macos-arm64, r-oldrel-macos-x86_64