CRAN Package Check Results for Package cowbell

Last updated on 2021-12-04 23:50:29 CET.

Flavor Version Tinstall Tcheck Ttotal Status Flags
r-devel-linux-x86_64-debian-clang 0.1.0 2.57 82.10 84.67 OK
r-devel-linux-x86_64-debian-gcc 0.1.0 2.04 63.98 66.02 OK
r-devel-linux-x86_64-fedora-clang 0.1.0 103.52 NOTE
r-devel-linux-x86_64-fedora-gcc 0.1.0 90.93 NOTE
r-devel-windows-x86_64-new-UL 0.1.0 9.00 111.00 120.00 OK
r-devel-windows-x86_64-new-TK 0.1.0 NOTE
r-devel-windows-x86_64-old 0.1.0 5.00 73.00 78.00 OK
r-patched-linux-x86_64 0.1.0 2.86 71.90 74.76 OK
r-release-linux-x86_64 0.1.0 2.42 71.60 74.02 OK
r-release-macos-arm64 0.1.0 NOTE
r-release-macos-x86_64 0.1.0 NOTE
r-release-windows-ix86+x86_64 0.1.0 7.00 99.00 106.00 OK
r-oldrel-macos-x86_64 0.1.0 NOTE
r-oldrel-windows-ix86+x86_64 0.1.0 6.00 99.00 105.00 OK

Check Details

Version: 0.1.0
Check: dependencies in R code
Result: NOTE
    Namespaces in Imports field not imported from:
     ‘ggplot2’ ‘misc3d’
     All declared Imports should be used.
Flavors: r-devel-linux-x86_64-fedora-clang, r-devel-linux-x86_64-fedora-gcc, r-devel-windows-x86_64-new-TK, r-release-macos-arm64, r-release-macos-x86_64, r-oldrel-macos-x86_64