Last updated on 2021-04-12 05:49:11 CEST.
Flavor | Version | Tinstall | Tcheck | Ttotal | Status | Flags |
---|---|---|---|---|---|---|
r-devel-linux-x86_64-debian-clang | 1.1.1 | 6.00 | 124.76 | 130.76 | NOTE | |
r-devel-linux-x86_64-debian-gcc | 1.1.1 | 4.88 | 91.57 | 96.45 | NOTE | |
r-devel-linux-x86_64-fedora-clang | 1.1.1 | 157.96 | NOTE | |||
r-devel-linux-x86_64-fedora-gcc | 1.1.1 | 153.96 | NOTE | |||
r-devel-windows-ix86+x86_64 | 1.1.1 | 15.00 | 154.00 | 169.00 | NOTE | |
r-devel-windows-x86_64-gcc10-UCRT | 1.1.1 | NOTE | ||||
r-patched-linux-x86_64 | 1.1.1 | 5.99 | 114.40 | 120.39 | OK | |
r-patched-solaris-x86 | 1.1.1 | 203.00 | OK | |||
r-release-linux-x86_64 | 1.1.1 | 6.67 | 114.55 | 121.22 | OK | |
r-release-macos-x86_64 | 1.1.1 | OK | ||||
r-release-windows-ix86+x86_64 | 1.1.1 | 21.00 | 160.00 | 181.00 | OK | |
r-oldrel-macos-x86_64 | 1.1.1 | OK | ||||
r-oldrel-windows-ix86+x86_64 | 1.1.1 | 13.00 | 125.00 | 138.00 | OK |
Version: 1.1.1
Check: LazyData
Result: NOTE
'LazyData' is specified without a 'data' directory
Flavors: r-devel-linux-x86_64-debian-clang, r-devel-linux-x86_64-debian-gcc, r-devel-linux-x86_64-fedora-clang, r-devel-linux-x86_64-fedora-gcc, r-devel-windows-ix86+x86_64, r-devel-windows-x86_64-gcc10-UCRT