CRAN Package Check Results for Package cowsay

Last updated on 2021-10-15 23:50:25 CEST.

Flavor Version Tinstall Tcheck Ttotal Status Flags
r-devel-linux-x86_64-debian-clang 0.8.0 2.38 24.77 27.15 NOTE
r-devel-linux-x86_64-debian-gcc 0.8.0 1.81 20.27 22.08 NOTE
r-devel-linux-x86_64-fedora-clang 0.8.0 44.50 NOTE
r-devel-linux-x86_64-fedora-gcc 0.8.0 33.59 NOTE
r-devel-windows-x86_64 0.8.0 3.00 36.00 39.00 NOTE
r-devel-windows-x86_64-gcc10-UCRT 0.8.0 NOTE
r-patched-linux-x86_64 0.8.0 2.46 24.42 26.88 NOTE
r-patched-solaris-x86 0.8.0 57.50 NOTE
r-release-linux-x86_64 0.8.0 2.00 24.17 26.17 NOTE
r-release-macos-arm64 0.8.0 NOTE
r-release-macos-x86_64 0.8.0 NOTE
r-release-windows-ix86+x86_64 0.8.0 5.00 49.00 54.00 NOTE
r-oldrel-macos-x86_64 0.8.0 OK
r-oldrel-windows-ix86+x86_64 0.8.0 6.00 50.00 56.00 OK

Check Details

Version: 0.8.0
Check: LazyData
Result: NOTE
     'LazyData' is specified without a 'data' directory
Flavors: r-devel-linux-x86_64-debian-clang, r-devel-linux-x86_64-debian-gcc, r-devel-linux-x86_64-fedora-clang, r-devel-linux-x86_64-fedora-gcc, r-devel-windows-x86_64, r-devel-windows-x86_64-gcc10-UCRT, r-patched-linux-x86_64, r-patched-solaris-x86, r-release-linux-x86_64, r-release-macos-arm64, r-release-macos-x86_64, r-release-windows-ix86+x86_64