Last updated on 2021-01-22 05:50:25 CET.
Flavor | Version | Tinstall | Tcheck | Ttotal | Status | Flags |
---|---|---|---|---|---|---|
r-devel-linux-x86_64-debian-clang | 0.3.3 | 16.26 | 176.97 | 193.23 | OK | |
r-devel-linux-x86_64-debian-gcc | 0.3.3 | 12.62 | 131.09 | 143.71 | OK | |
r-devel-linux-x86_64-fedora-clang | 0.3.3 | 232.38 | NOTE | |||
r-devel-linux-x86_64-fedora-gcc | 0.3.3 | 227.13 | NOTE | |||
r-devel-windows-ix86+x86_64 | 0.3.3 | 37.00 | 213.00 | 250.00 | OK | |
r-patched-linux-x86_64 | 0.3.3 | 9.73 | 164.47 | 174.20 | OK | |
r-patched-solaris-x86 | 0.3.3 | 333.00 | NOTE | |||
r-release-linux-x86_64 | 0.3.3 | 10.36 | 164.29 | 174.65 | OK | |
r-release-macos-x86_64 | 0.3.3 | NOTE | ||||
r-release-windows-ix86+x86_64 | 0.3.3 | 36.00 | 214.00 | 250.00 | OK | |
r-oldrel-macos-x86_64 | 0.3.3 | NOTE | ||||
r-oldrel-windows-ix86+x86_64 | 0.3.3 | 21.00 | 150.00 | 171.00 | OK |
Version: 0.3.3
Check: dependencies in R code
Result: NOTE
Namespace in Imports field not imported from: ‘mediation’
All declared Imports should be used.
Flavors: r-devel-linux-x86_64-fedora-clang, r-devel-linux-x86_64-fedora-gcc, r-patched-solaris-x86, r-release-macos-x86_64, r-oldrel-macos-x86_64