CRAN Package Check Results for Package coxrt

Last updated on 2021-12-09 05:59:33 CET.

Flavor Version Tinstall Tcheck Ttotal Status Flags
r-devel-linux-x86_64-debian-clang 1.0.3 41.31 182.12 223.43 NOTE
r-devel-linux-x86_64-debian-gcc 1.0.3 32.27 135.05 167.32 NOTE
r-devel-linux-x86_64-fedora-clang 1.0.3 282.19 NOTE
r-devel-linux-x86_64-fedora-gcc 1.0.3 262.49 NOTE
r-devel-windows-x86_64-new-UL 1.0.3 60.00 236.00 296.00 NOTE
r-devel-windows-x86_64-new-TK 1.0.3 NOTE
r-devel-windows-x86_64-old 1.0.3 58.00 221.00 279.00 NOTE
r-patched-linux-x86_64 1.0.3 35.36 171.61 206.97 NOTE
r-release-linux-x86_64 1.0.3 35.83 171.30 207.13 NOTE
r-release-macos-arm64 1.0.3 NOTE
r-release-macos-x86_64 1.0.3 NOTE
r-release-windows-ix86+x86_64 1.0.3 75.00 242.00 317.00 NOTE
r-oldrel-macos-x86_64 1.0.3 OK
r-oldrel-windows-ix86+x86_64 1.0.3 102.00 249.00 351.00 OK

Check Details

Version: 1.0.3
Check: LazyData
Result: NOTE
     'LazyData' is specified without a 'data' directory
Flavors: r-devel-linux-x86_64-debian-clang, r-devel-linux-x86_64-debian-gcc, r-devel-linux-x86_64-fedora-clang, r-devel-linux-x86_64-fedora-gcc, r-devel-windows-x86_64-new-UL, r-devel-windows-x86_64-new-TK, r-devel-windows-x86_64-old, r-patched-linux-x86_64, r-release-linux-x86_64, r-release-macos-arm64, r-release-macos-x86_64, r-release-windows-ix86+x86_64