CRAN Package Check Results for Package cplexAPI

Last updated on 2021-07-27 17:50:48 CEST.

Flavor Version Tinstall Tcheck Ttotal Status Flags
r-devel-linux-x86_64-debian-clang 1.4.0 9.37 64.03 73.40 OK --no-examples --no-tests --no-vignettes
r-devel-linux-x86_64-debian-gcc 1.4.0 6.34 49.75 56.09 OK --no-examples --no-tests --no-vignettes
r-devel-windows-x86_64 1.4.0 2.00 8.00 10.00 ERROR
r-devel-windows-x86_64-gcc10-UCRT 1.4.0 OK --install=fake
r-patched-linux-x86_64 1.4.0 7.22 61.81 69.03 OK --no-examples --no-tests --no-vignettes
r-release-linux-x86_64 1.4.0 7.69 61.99 69.68 OK --no-examples --no-tests --no-vignettes
r-release-macos-arm64 1.4.0 ERROR
r-release-macos-x86_64 1.4.0 ERROR
r-oldrel-macos-x86_64 1.4.0 ERROR
r-oldrel-windows-ix86+x86_64 1.3.6 2.00 7.00 9.00 ERROR

Check Details

Version: 1.4.0
Check: whether package can be installed
Result: ERROR
    Installation failed.
Flavors: r-devel-windows-x86_64, r-release-macos-arm64, r-release-macos-x86_64, r-oldrel-macos-x86_64

Version: 1.3.6
Check: whether package can be installed
Result: ERROR
    Installation failed.
Flavor: r-oldrel-windows-ix86+x86_64