Last updated on 2023-03-31 17:49:22 CEST.
Flavor | Version | Tinstall | Tcheck | Ttotal | Status | Flags |
---|---|---|---|---|---|---|
r-devel-linux-x86_64-debian-clang | 0.2.3 | 101.38 | 113.58 | 214.96 | NOTE | |
r-devel-linux-x86_64-debian-gcc | 0.2.3 | 76.42 | 85.72 | 162.14 | NOTE | |
r-devel-linux-x86_64-fedora-clang | 0.2.3 | 311.28 | NOTE | |||
r-devel-linux-x86_64-fedora-gcc | 0.2.3 | 284.07 | NOTE | |||
r-devel-windows-x86_64 | 0.2.3 | 95.00 | 183.00 | 278.00 | NOTE | |
r-patched-linux-x86_64 | 0.2.3 | 83.36 | 110.31 | 193.67 | NOTE | |
r-release-linux-x86_64 | 0.2.3 | 77.72 | 109.77 | 187.49 | OK | |
r-release-macos-arm64 | 0.2.3 | 68.00 | OK | |||
r-release-macos-x86_64 | 0.2.3 | 114.00 | OK | |||
r-release-windows-x86_64 | 0.2.3 | 355.00 | 179.00 | 534.00 | OK | |
r-oldrel-macos-arm64 | 0.2.3 | 85.00 | OK | |||
r-oldrel-macos-x86_64 | 0.2.3 | 115.00 | OK | |||
r-oldrel-windows-ix86+x86_64 | 0.2.3 | 246.00 | 226.00 | 472.00 | OK |
Version: 0.2.3
Check: C++ specification
Result: NOTE
Specified C++11: please drop specification unless essential
Flavors: r-devel-linux-x86_64-debian-clang, r-devel-linux-x86_64-debian-gcc, r-devel-linux-x86_64-fedora-clang, r-devel-linux-x86_64-fedora-gcc, r-patched-linux-x86_64
Version: 0.2.3
Check: package subdirectories
Result: NOTE
Problems with news in ‘NEWS.md’:
Cannot extract version info from the following section titles:
Non-visible changes:
Flavors: r-devel-linux-x86_64-debian-clang, r-devel-linux-x86_64-debian-gcc, r-devel-linux-x86_64-fedora-clang, r-devel-linux-x86_64-fedora-gcc, r-devel-windows-x86_64, r-patched-linux-x86_64