Last updated on 2023-09-28 05:56:44 CEST.
Flavor | Version | Tinstall | Tcheck | Ttotal | Status | Flags |
---|---|---|---|---|---|---|
r-devel-linux-x86_64-debian-clang | 0.0.3 | 79.01 | 75.28 | 154.29 | NOTE | |
r-devel-linux-x86_64-debian-gcc | 0.0.3 | 58.59 | 55.37 | 113.96 | NOTE | |
r-devel-linux-x86_64-fedora-clang | 0.0.3 | 213.31 | NOTE | |||
r-devel-linux-x86_64-fedora-gcc | 0.0.3 | 222.78 | NOTE | |||
r-devel-windows-x86_64 | 0.0.3 | 60.00 | 99.00 | 159.00 | NOTE | |
r-patched-linux-x86_64 | 0.0.3 | 74.50 | 70.74 | 145.24 | NOTE | |
r-release-linux-x86_64 | 0.0.3 | 74.62 | 72.26 | 146.88 | NOTE | |
r-release-macos-arm64 | 0.0.3 | 57.00 | NOTE | |||
r-release-macos-x86_64 | 0.0.3 | 84.00 | NOTE | |||
r-release-windows-x86_64 | 0.0.3 | 83.00 | 112.00 | 195.00 | NOTE | |
r-oldrel-macos-arm64 | 0.0.3 | 47.00 | OK | |||
r-oldrel-macos-x86_64 | 0.0.3 | 67.00 | OK | |||
r-oldrel-windows-x86_64 | 0.0.3 | 79.00 | 109.00 | 188.00 | OK |
Version: 0.0.3
Check: C++ specification
Result: NOTE
Specified C++11: please drop specification unless essential
Flavors: r-devel-linux-x86_64-debian-clang, r-devel-linux-x86_64-debian-gcc, r-devel-linux-x86_64-fedora-clang, r-devel-linux-x86_64-fedora-gcc, r-devel-windows-x86_64, r-patched-linux-x86_64, r-release-linux-x86_64, r-release-macos-arm64, r-release-macos-x86_64, r-release-windows-x86_64