Last updated on 2024-04-20 05:58:49 CEST.
Flavor | Version | Tinstall | Tcheck | Ttotal | Status | Flags |
---|---|---|---|---|---|---|
r-devel-linux-x86_64-debian-clang | 0.6.0 | 10.40 | 432.92 | 443.32 | OK | |
r-devel-linux-x86_64-debian-gcc | 0.6.0 | 6.20 | 338.83 | 345.03 | OK | |
r-devel-linux-x86_64-fedora-clang | 0.6.0 | 524.02 | NOTE | |||
r-devel-linux-x86_64-fedora-gcc | 0.6.0 | 552.47 | OK | |||
r-prerel-macos-arm64 | 0.6.0 | 157.00 | NOTE | |||
r-prerel-windows-x86_64 | 0.6.0 | 10.00 | 327.00 | 337.00 | NOTE | |
r-patched-linux-x86_64 | 0.6.0 | 8.22 | 421.39 | 429.61 | OK | |
r-release-linux-x86_64 | 0.6.0 | 9.84 | 432.84 | 442.68 | OK | |
r-release-macos-arm64 | 0.6.0 | 195.00 | NOTE | |||
r-release-macos-x86_64 | 0.6.0 | 346.00 | NOTE | |||
r-release-windows-x86_64 | 0.6.0 | 12.00 | 450.00 | 462.00 | NOTE | |
r-oldrel-macos-arm64 | 0.6.0 | 174.00 | NOTE | |||
r-oldrel-windows-x86_64 | 0.6.0 | 13.00 | 440.00 | 453.00 | NOTE |
Version: 0.6.0
Check: installed package size
Result: NOTE
installed size is 5.4Mb
sub-directories of 1Mb or more:
doc 5.1Mb
Flavors: r-devel-linux-x86_64-fedora-clang, r-prerel-macos-arm64, r-prerel-windows-x86_64, r-release-macos-arm64, r-release-macos-x86_64, r-release-windows-x86_64, r-oldrel-macos-arm64, r-oldrel-windows-x86_64