CRAN Package Check Results for Package crayon

Last updated on 2021-09-27 11:49:44 CEST.

Flavor Version Tinstall Tcheck Ttotal Status Flags
r-devel-linux-x86_64-debian-clang 1.4.1 2.26 36.37 38.63 NOTE
r-devel-linux-x86_64-debian-gcc 1.4.1 1.83 28.13 29.96 NOTE
r-devel-linux-x86_64-fedora-clang 1.4.1 57.79 NOTE
r-devel-linux-x86_64-fedora-gcc 1.4.1 46.62 NOTE
r-devel-windows-x86_64 1.4.1 12.00 44.00 56.00 NOTE
r-devel-windows-x86_64-gcc10-UCRT 1.4.1 NOTE
r-patched-linux-x86_64 1.4.1 2.39 35.42 37.81 NOTE
r-patched-solaris-x86 1.4.1 67.00 NOTE
r-release-linux-x86_64 1.4.1 2.13 35.54 37.67 NOTE
r-release-macos-arm64 1.4.1 NOTE
r-release-macos-x86_64 1.4.1 NOTE
r-release-windows-ix86+x86_64 1.4.1 8.00 43.00 51.00 NOTE
r-oldrel-macos-x86_64 1.4.1 OK
r-oldrel-windows-ix86+x86_64 1.4.1 25.00 44.00 69.00 OK

Check Details

Version: 1.4.1
Check: LazyData
Result: NOTE
     'LazyData' is specified without a 'data' directory
Flavors: r-devel-linux-x86_64-debian-clang, r-devel-linux-x86_64-debian-gcc, r-devel-linux-x86_64-fedora-clang, r-devel-linux-x86_64-fedora-gcc, r-devel-windows-x86_64, r-devel-windows-x86_64-gcc10-UCRT, r-patched-linux-x86_64, r-patched-solaris-x86, r-release-linux-x86_64, r-release-macos-arm64, r-release-macos-x86_64, r-release-windows-ix86+x86_64