Last updated on 2024-05-19 11:59:38 CEST.
Flavor | Version | Tinstall | Tcheck | Ttotal | Status | Flags |
---|---|---|---|---|---|---|
r-devel-linux-x86_64-debian-clang | 0.5.2 | 159.69 | 43.75 | 203.44 | OK | |
r-devel-linux-x86_64-debian-gcc | 0.5.2 | 130.35 | 41.73 | 172.08 | OK | |
r-devel-linux-x86_64-fedora-clang | 0.5.2 | 249.55 | OK | |||
r-devel-linux-x86_64-fedora-gcc | 0.5.2 | 358.53 | OK | |||
r-devel-windows-x86_64 | 0.5.2 | 107.00 | 81.00 | 188.00 | OK | |
r-patched-linux-x86_64 | 0.5.2 | 167.33 | 52.51 | 219.84 | OK | |
r-release-linux-x86_64 | 0.5.2 | 148.76 | 53.38 | 202.14 | OK | |
r-release-macos-arm64 | 0.5.2 | 63.00 | NOTE | |||
r-release-macos-x86_64 | 0.5.2 | 100.00 | NOTE | |||
r-release-windows-x86_64 | 0.5.2 | 105.00 | 85.00 | 190.00 | OK | |
r-oldrel-macos-arm64 | 0.5.2 | 67.00 | NOTE | |||
r-oldrel-macos-x86_64 | 0.5.2 | 106.00 | NOTE | |||
r-oldrel-windows-x86_64 | 0.5.2 | 145.00 | 103.00 | 248.00 | OK |
Version: 0.5.2
Check: installed package size
Result: NOTE
installed size is 50.5Mb
sub-directories of 1Mb or more:
libs 50.4Mb
Flavors: r-release-macos-arm64, r-release-macos-x86_64, r-oldrel-macos-arm64, r-oldrel-macos-x86_64