Last updated on 2024-08-16 11:49:38 CEST.
Flavor | Version | Tinstall | Tcheck | Ttotal | Status | Flags |
---|---|---|---|---|---|---|
r-devel-linux-x86_64-debian-clang | 0.5.2 | 106.20 | 34.49 | 140.69 | OK | |
r-devel-linux-x86_64-debian-gcc | 0.5.2 | 82.23 | 34.81 | 117.04 | OK | |
r-devel-linux-x86_64-fedora-clang | 0.5.2 | 225.64 | OK | |||
r-devel-linux-x86_64-fedora-gcc | 0.5.2 | 289.36 | OK | |||
r-devel-windows-x86_64 | 0.5.2 | 103.00 | 85.00 | 188.00 | OK | |
r-patched-linux-x86_64 | 0.5.2 | 109.65 | 44.69 | 154.34 | OK | |
r-release-linux-x86_64 | 0.5.2 | 108.81 | 45.45 | 154.26 | OK | |
r-release-macos-arm64 | 0.5.2 | 63.00 | NOTE | |||
r-release-macos-x86_64 | 0.5.2 | 84.00 | NOTE | |||
r-release-windows-x86_64 | 0.5.2 | 107.00 | 86.00 | 193.00 | OK | |
r-oldrel-macos-arm64 | 0.5.2 | 67.00 | NOTE | |||
r-oldrel-macos-x86_64 | 0.5.2 | 106.00 | NOTE | |||
r-oldrel-windows-x86_64 | 0.5.2 | 130.00 | 96.00 | 226.00 | OK |
Version: 0.5.2
Check: installed package size
Result: NOTE
installed size is 50.5Mb
sub-directories of 1Mb or more:
libs 50.4Mb
Flavors: r-release-macos-arm64, r-release-macos-x86_64, r-oldrel-macos-arm64, r-oldrel-macos-x86_64