Last updated on 2023-04-01 11:51:24 CEST.
Flavor | Version | Tinstall | Tcheck | Ttotal | Status | Flags |
---|---|---|---|---|---|---|
r-devel-linux-x86_64-debian-clang | 0.4.1 | 61.21 | 131.15 | 192.36 | NOTE | |
r-devel-linux-x86_64-debian-gcc | 0.4.1 | 48.85 | 109.83 | 158.68 | NOTE | |
r-devel-linux-x86_64-fedora-clang | 0.4.1 | 249.68 | NOTE | |||
r-devel-linux-x86_64-fedora-gcc | 0.4.1 | 266.99 | NOTE | |||
r-devel-windows-x86_64 | 0.4.1 | 60.00 | 206.00 | 266.00 | NOTE | |
r-patched-linux-x86_64 | 0.4.1 | 47.62 | 139.24 | 186.86 | NOTE | |
r-release-linux-x86_64 | 0.4.1 | 52.33 | 144.09 | 196.42 | OK | |
r-release-macos-arm64 | 0.4.1 | 106.00 | OK | |||
r-release-macos-x86_64 | 0.4.1 | 108.00 | OK | |||
r-release-windows-x86_64 | 0.4.1 | 100.00 | 224.00 | 324.00 | OK | |
r-oldrel-macos-arm64 | 0.4.1 | 90.00 | OK | |||
r-oldrel-macos-x86_64 | 0.4.1 | 111.00 | OK | |||
r-oldrel-windows-ix86+x86_64 | 0.4.1 | 153.00 | 226.00 | 379.00 | OK |
Version: 0.4.1
Check: C++ specification
Result: NOTE
Specified C++11: please drop specification unless essential
Flavors: r-devel-linux-x86_64-debian-clang, r-devel-linux-x86_64-debian-gcc, r-devel-linux-x86_64-fedora-clang, r-devel-linux-x86_64-fedora-gcc, r-devel-windows-x86_64, r-patched-linux-x86_64