Last updated on 2024-05-13 05:52:27 CEST.
Flavor | Version | Tinstall | Tcheck | Ttotal | Status | Flags |
---|---|---|---|---|---|---|
r-devel-linux-x86_64-debian-clang | 0.2.2 | 8.91 | 101.45 | 110.36 | OK | |
r-devel-linux-x86_64-debian-gcc | 0.2.2 | 5.34 | 76.90 | 82.24 | OK | |
r-devel-linux-x86_64-fedora-clang | 0.2.2 | 140.15 | NOTE | |||
r-devel-linux-x86_64-fedora-gcc | 0.2.2 | 194.52 | OK | |||
r-devel-windows-x86_64 | 0.2.2 | 10.00 | 91.00 | 101.00 | NOTE | |
r-patched-linux-x86_64 | 0.2.2 | 6.34 | 96.21 | 102.55 | OK | |
r-release-linux-x86_64 | 0.2.2 | 6.06 | 98.04 | 104.10 | OK | |
r-release-macos-arm64 | 0.2.2 | 47.00 | NOTE | |||
r-release-windows-x86_64 | 0.2.2 | 8.00 | 93.00 | 101.00 | NOTE | |
r-oldrel-macos-arm64 | 0.2.2 | 46.00 | NOTE | |||
r-oldrel-macos-x86_64 | 0.2.2 | 101.00 | NOTE | |||
r-oldrel-windows-x86_64 | 0.2.2 | 11.00 | 109.00 | 120.00 | NOTE |
Version: 0.2.2
Check: installed package size
Result: NOTE
installed size is 6.6Mb
sub-directories of 1Mb or more:
doc 6.4Mb
Flavors: r-devel-linux-x86_64-fedora-clang, r-devel-windows-x86_64, r-release-macos-arm64, r-release-windows-x86_64, r-oldrel-macos-arm64, r-oldrel-macos-x86_64, r-oldrel-windows-x86_64