CRAN Package Check Results for Package crmPack

Last updated on 2019-07-16 05:48:08 CEST.

Flavor Version Tinstall Tcheck Ttotal Status Flags
r-devel-linux-x86_64-debian-clang 1.0.0 18.92 185.36 204.28 NOTE --no-vignettes
r-devel-linux-x86_64-debian-gcc 1.0.0 17.04 146.53 163.57 NOTE --no-vignettes
r-devel-linux-x86_64-fedora-clang 1.0.0 1497.68 OK
r-devel-linux-x86_64-fedora-gcc 1.0.0 1429.44 OK
r-devel-windows-ix86+x86_64 1.0.0 58.00 266.00 324.00 OK --no-vignettes
r-patched-linux-x86_64 1.0.0 21.25 177.09 198.34 OK --no-vignettes
r-patched-solaris-x86 1.0.0 317.00 OK --no-vignettes
r-release-linux-x86_64 1.0.0 19.10 178.61 197.71 OK --no-vignettes
r-release-windows-ix86+x86_64 1.0.0 40.00 258.00 298.00 OK --no-vignettes
r-release-osx-x86_64 1.0.0 OK
r-oldrel-windows-ix86+x86_64 1.0.0 50.00 195.00 245.00 OK --no-vignettes
r-oldrel-osx-x86_64 1.0.0 OK

Check Details

Version: 1.0.0
Flags: --no-vignettes
Check: package vignettes
Result: NOTE
    Package vignette with placeholder title 'Vignette Title':
     'guidelines.Rmd'
Flavors: r-devel-linux-x86_64-debian-clang, r-devel-linux-x86_64-debian-gcc