CRAN Package Check Results for Package csranks

Last updated on 2024-04-22 05:55:28 CEST.

Flavor Version Tinstall Tcheck Ttotal Status Flags
r-devel-linux-x86_64-debian-clang 1.2.2 5.78 99.64 105.42 OK
r-devel-linux-x86_64-debian-gcc 1.2.2 5.12 73.85 78.97 OK
r-devel-linux-x86_64-fedora-clang 1.2.2 133.48 NOTE
r-devel-linux-x86_64-fedora-gcc 1.2.2 138.13 NOTE
r-prerel-macos-arm64 1.2.2 46.00 OK
r-prerel-macos-x86_64 1.2.2 120.00 OK
r-prerel-windows-x86_64 1.2.2 8.00 91.00 99.00 OK
r-patched-linux-x86_64 1.2.2 4.89 95.40 100.29 OK
r-release-linux-x86_64 1.2.2 6.13 95.42 101.55 OK
r-release-macos-arm64 1.2.2 51.00 OK
r-release-macos-x86_64 1.2.2 87.00 OK
r-release-windows-x86_64 1.2.2 9.00 106.00 115.00 OK
r-oldrel-macos-arm64 1.2.2 48.00 OK
r-oldrel-windows-x86_64 1.2.2 10.00 107.00 117.00 OK

Check Details

Version: 1.2.2
Check: data for non-ASCII characters
Result: NOTE Note: found 2 marked UTF-8 strings Flavors: r-devel-linux-x86_64-fedora-clang, r-devel-linux-x86_64-fedora-gcc