Last updated on 2023-12-11 12:52:07 CET.
Flavor | Version | Tinstall | Tcheck | Ttotal | Status | Flags |
---|---|---|---|---|---|---|
r-devel-linux-x86_64-debian-clang | 1.4.3 | 46.86 | 89.73 | 136.59 | WARN | |
r-devel-linux-x86_64-debian-gcc | 1.4.3 | 32.27 | 70.30 | 102.57 | NOTE | |
r-devel-linux-x86_64-fedora-clang | 1.4.3 | 178.42 | WARN | |||
r-devel-linux-x86_64-fedora-gcc | 1.4.3 | 200.18 | OK | |||
r-devel-windows-x86_64 | 1.4.3 | 36.00 | 112.00 | 148.00 | OK | |
r-patched-linux-x86_64 | 1.4.3 | 37.91 | 89.94 | 127.85 | OK | |
r-release-linux-x86_64 | 1.4.3 | 37.83 | 89.53 | 127.36 | OK | |
r-release-macos-arm64 | 1.4.3 | 57.00 | OK | |||
r-release-macos-x86_64 | 1.4.3 | 154.00 | OK | |||
r-release-windows-x86_64 | 1.4.3 | 46.00 | 132.00 | 178.00 | OK | |
r-oldrel-macos-arm64 | 1.4.3 | 52.00 | OK | |||
r-oldrel-macos-x86_64 | 1.4.3 | 67.00 | OK | |||
r-oldrel-windows-x86_64 | 1.4.3 | 44.00 | 130.00 | 174.00 | OK |
Version: 1.4.3
Check: whether package can be installed
Result: WARN
Found the following significant warnings:
RcppExports.cpp:38:18: warning: format string is not a string literal (potentially insecure) [-Wformat-security]
RcppExports.cpp:71:18: warning: format string is not a string literal (potentially insecure) [-Wformat-security]
See ‘/home/hornik/tmp/R.check/r-devel-clang/Work/PKGS/ctmcd.Rcheck/00install.out’ for details.
* used C compiler: ‘Debian clang version 17.0.5 (1)’
* used C++ compiler: ‘Debian clang version 17.0.5 (1)’
Flavor: r-devel-linux-x86_64-debian-clang
Version: 1.4.3
Check: Rd files
Result: NOTE
checkRd: (-1) gm.Rd:26-28: Lost braces in \itemize; meant \describe ?
checkRd: (-1) gm.Rd:29-31: Lost braces in \itemize; meant \describe ?
checkRd: (-1) gm.Rd:32-34: Lost braces in \itemize; meant \describe ?
checkRd: (-1) gm.Rd:35-37: Lost braces in \itemize; meant \describe ?
checkRd: (-1) gm.Rd:38-40: Lost braces in \itemize; meant \describe ?
checkRd: (-1) gm.Rd:41-43: Lost braces in \itemize; meant \describe ?
checkRd: (-1) gm.Rd:44-46: Lost braces in \itemize; meant \describe ?
checkRd: (-1) gm.Rd:47-49: Lost braces in \itemize; meant \describe ?
checkRd: (-1) gm.Rd:50-52: Lost braces in \itemize; meant \describe ?
checkRd: (-1) gm.Rd:53-55: Lost braces in \itemize; meant \describe ?
checkRd: (-1) gm.Rd:56-58: Lost braces in \itemize; meant \describe ?
checkRd: (-1) gm.Rd:59-61: Lost braces in \itemize; meant \describe ?
checkRd: (-1) gmci.Rd:21-23: Lost braces in \itemize; meant \describe ?
checkRd: (-1) gmci.Rd:24-26: Lost braces in \itemize; meant \describe ?
checkRd: (-1) gmci.Rd:27-29: Lost braces in \itemize; meant \describe ?
Flavors: r-devel-linux-x86_64-debian-clang, r-devel-linux-x86_64-debian-gcc
Version: 1.4.3
Check: whether package can be installed
Result: WARN
Found the following significant warnings:
RcppExports.cpp:38:18: warning: format string is not a string literal (potentially insecure) [-Wformat-security]
RcppExports.cpp:71:18: warning: format string is not a string literal (potentially insecure) [-Wformat-security]
See ‘/data/gannet/ripley/R/packages/tests-clang/ctmcd.Rcheck/00install.out’ for details.
* used C compiler: ‘clang version 17.0.5’
* used C++ compiler: ‘clang version 17.0.5’
Flavor: r-devel-linux-x86_64-fedora-clang