CRAN Package Check Results for Package ctrialsgov

Last updated on 2022-11-30 23:54:37 CET.

Flavor Version Tinstall Tcheck Ttotal Status Flags
r-devel-linux-x86_64-debian-clang 0.2.5 14.22 124.86 139.08 OK
r-devel-linux-x86_64-debian-gcc 0.2.5 12.96 96.82 109.78 OK
r-devel-linux-x86_64-fedora-clang 0.2.5 183.81 NOTE
r-devel-linux-x86_64-fedora-gcc 0.2.5 207.10 NOTE
r-devel-windows-x86_64 0.2.5 28.00 158.00 186.00 OK
r-patched-linux-x86_64 0.2.5 15.01 119.04 134.05 OK
r-release-linux-x86_64 0.2.5 12.58 117.03 129.61 OK
r-release-macos-arm64 0.2.5 64.00 NOTE
r-release-macos-x86_64 0.2.5 87.00 NOTE
r-release-windows-x86_64 0.2.5 26.00 156.00 182.00 OK
r-oldrel-macos-arm64 0.2.5 65.00 NOTE
r-oldrel-macos-x86_64 0.2.5 70.00 NOTE
r-oldrel-windows-ix86+x86_64 0.2.5 30.00 152.00 182.00 OK

Check Details

Version: 0.2.5
Check: data for non-ASCII characters
Result: NOTE
     Note: found 1350 marked UTF-8 strings
Flavors: r-devel-linux-x86_64-fedora-clang, r-devel-linux-x86_64-fedora-gcc, r-release-macos-arm64, r-release-macos-x86_64, r-oldrel-macos-arm64, r-oldrel-macos-x86_64