CRAN Package Check Results for Package ctypesio

Last updated on 2025-05-17 05:49:10 CEST.

Flavor Version Tinstall Tcheck Ttotal Status Flags
r-devel-linux-x86_64-debian-clang 0.1.2 3.42 32.37 35.79 NOTE
r-devel-linux-x86_64-debian-gcc 0.1.2 2.56 25.39 27.95 NOTE
r-devel-linux-x86_64-fedora-clang 0.1.2 55.83 NOTE
r-devel-linux-x86_64-fedora-gcc 0.1.2 67.54 NOTE
r-devel-windows-x86_64 0.1.2 7.00 62.00 69.00 NOTE
r-patched-linux-x86_64 0.1.2 3.04 30.66 33.70 NOTE
r-release-linux-x86_64 0.1.2 3.26 30.64 33.90 NOTE
r-release-macos-arm64 0.1.2 28.00 NOTE
r-release-macos-x86_64 0.1.2 52.00 NOTE
r-release-windows-x86_64 0.1.2 7.00 60.00 67.00 NOTE
r-oldrel-macos-arm64 0.1.2 39.00 OK
r-oldrel-macos-x86_64 0.1.2 84.00 OK
r-oldrel-windows-x86_64 0.1.2 7.00 64.00 71.00 OK

Check Details

Version: 0.1.2
Check: DESCRIPTION meta-information
Result: NOTE Missing dependency on R >= 4.1.0 because package code uses the pipe |> or function shorthand \(...) syntax added in R 4.1.0. File(s) using such syntax: ‘connection-config.R’ ‘read-float.R’ ‘read-hex.R’ Flavors: r-devel-linux-x86_64-debian-clang, r-devel-linux-x86_64-debian-gcc, r-devel-linux-x86_64-fedora-clang, r-devel-linux-x86_64-fedora-gcc, r-devel-windows-x86_64, r-patched-linux-x86_64, r-release-linux-x86_64, r-release-macos-arm64, r-release-macos-x86_64, r-release-windows-x86_64