CRAN Package Check Results for Package cubeview

Last updated on 2022-11-27 11:55:45 CET.

Flavor Version Tinstall Tcheck Ttotal Status Flags
r-devel-linux-x86_64-debian-clang 0.2.0 30.31 259.88 290.19 NOTE
r-devel-linux-x86_64-debian-gcc 0.2.0 25.38 196.41 221.79 NOTE
r-devel-linux-x86_64-fedora-clang 0.2.0 367.09 NOTE
r-devel-linux-x86_64-fedora-gcc 0.2.0 393.02 NOTE
r-devel-windows-x86_64 0.2.0 35.00 255.00 290.00 NOTE
r-patched-linux-x86_64 0.2.0 30.43 257.76 288.19 NOTE
r-release-linux-x86_64 0.2.0 30.38 256.30 286.68 NOTE
r-release-macos-arm64 0.2.0 64.00 NOTE
r-release-macos-x86_64 0.2.0 118.00 NOTE
r-release-windows-x86_64 0.2.0 36.00 254.00 290.00 NOTE
r-oldrel-macos-arm64 0.2.0 38.00 NOTE
r-oldrel-macos-x86_64 0.2.0 57.00 NOTE
r-oldrel-windows-ix86+x86_64 0.2.0 65.00 257.00 322.00 NOTE

Check Details

Version: 0.2.0
Check: LazyData
Result: NOTE
     'LazyData' is specified without a 'data' directory
Flavors: r-devel-linux-x86_64-debian-clang, r-devel-linux-x86_64-debian-gcc, r-devel-linux-x86_64-fedora-clang, r-devel-linux-x86_64-fedora-gcc, r-devel-windows-x86_64, r-patched-linux-x86_64, r-release-linux-x86_64, r-release-macos-arm64, r-release-macos-x86_64, r-release-windows-x86_64, r-oldrel-macos-arm64, r-oldrel-macos-x86_64, r-oldrel-windows-ix86+x86_64