CRAN Package Check Results for Package cubfits

Last updated on 2020-12-04 23:48:14 CET.

Flavor Version Tinstall Tcheck Ttotal Status Flags
r-devel-linux-x86_64-debian-clang 0.1-3 11.42 74.58 86.00 OK
r-devel-linux-x86_64-debian-gcc 0.1-3 10.47 57.18 67.65 OK
r-devel-linux-x86_64-fedora-clang 0.1-3 112.16 OK
r-devel-linux-x86_64-fedora-gcc 0.1-3 103.58 OK
r-devel-windows-ix86+x86_64 0.1-3 27.00 104.00 131.00 OK
r-patched-linux-x86_64 0.1-3 11.80 70.92 82.72 OK
r-patched-solaris-x86 0.1-3 126.50 OK
r-release-linux-x86_64 0.1-3 11.36 71.49 82.85 OK
r-release-macos-x86_64 0.1-3 NOTE
r-release-windows-ix86+x86_64 0.1-3 18.00 104.00 122.00 OK
r-oldrel-macos-x86_64 0.1-3 NOTE
r-oldrel-windows-ix86+x86_64 0.1-3 20.00 98.00 118.00 OK

Check Details

Version: 0.1-3
Check: package dependencies
Result: NOTE
    Package which this enhances but not available for checking: ‘pbdMPI’
Flavors: r-release-macos-x86_64, r-oldrel-macos-x86_64