CRAN Package Check Results for Package cubfits

Last updated on 2019-03-20 23:52:06 CET.

Flavor Version Tinstall Tcheck Ttotal Status Flags
r-devel-linux-x86_64-debian-clang 0.1-3 10.55 63.65 74.20 OK
r-devel-linux-x86_64-debian-gcc 0.1-3 9.25 50.32 59.57 OK
r-devel-linux-x86_64-fedora-clang 0.1-3 90.71 OK
r-devel-linux-x86_64-fedora-gcc 0.1-3 85.21 OK
r-devel-windows-ix86+x86_64 0.1-3 34.00 108.00 142.00 OK
r-patched-linux-x86_64 0.1-3 8.83 58.94 67.77 OK
r-patched-solaris-x86 0.1-3 107.20 OK
r-release-linux-x86_64 0.1-3 9.44 59.87 69.31 OK
r-release-windows-ix86+x86_64 0.1-3 31.00 108.00 139.00 OK
r-release-osx-x86_64 0.1-3 NOTE
r-oldrel-windows-ix86+x86_64 0.1-3 13.00 110.00 123.00 OK
r-oldrel-osx-x86_64 0.1-3 NOTE

Check Details

Version: 0.1-3
Check: package dependencies
Result: NOTE
    Package which this enhances but not available for checking: ‘pbdMPI’
Flavors: r-release-osx-x86_64, r-oldrel-osx-x86_64