CRAN Package Check Results for Package cubfits

Last updated on 2019-05-20 22:53:30 CEST.

Flavor Version Tinstall Tcheck Ttotal Status Flags
r-devel-linux-x86_64-debian-clang 0.1-3 10.70 63.60 74.30 OK
r-devel-linux-x86_64-debian-gcc 0.1-3 8.54 50.99 59.53 OK
r-devel-linux-x86_64-fedora-clang 0.1-3 89.42 OK
r-devel-linux-x86_64-fedora-gcc 0.1-3 86.30 OK
r-devel-windows-ix86+x86_64 0.1-3 30.00 113.00 143.00 OK
r-patched-linux-x86_64 0.1-3 11.70 64.52 76.22 OK
r-patched-solaris-x86 0.1-3 115.80 OK
r-release-linux-x86_64 0.1-3 9.75 64.32 74.07 OK
r-release-windows-ix86+x86_64 0.1-3 28.00 124.00 152.00 OK
r-release-osx-x86_64 0.1-3 NOTE
r-oldrel-windows-ix86+x86_64 0.1-3 16.00 80.00 96.00 OK
r-oldrel-osx-x86_64 0.1-3 NOTE

Check Details

Version: 0.1-3
Check: package dependencies
Result: NOTE
    Package which this enhances but not available for checking: ‘pbdMPI’
Flavors: r-release-osx-x86_64, r-oldrel-osx-x86_64