Last updated on 2023-06-07 05:58:17 CEST.
Flavor | Version | Tinstall | Tcheck | Ttotal | Status | Flags |
---|---|---|---|---|---|---|
r-devel-linux-x86_64-debian-clang | 1.0.2 | 5.02 | 50.90 | 55.92 | OK | |
r-devel-linux-x86_64-debian-gcc | 1.0.2 | 3.72 | 39.27 | 42.99 | OK | |
r-devel-linux-x86_64-fedora-clang | 1.0.2 | 70.86 | NOTE | |||
r-devel-linux-x86_64-fedora-gcc | 1.0.2 | 78.61 | NOTE | |||
r-devel-windows-x86_64 | 1.0.2 | 6.00 | 63.00 | 69.00 | OK | |
r-patched-linux-x86_64 | 1.0.2 | 3.95 | 48.61 | 52.56 | OK | |
r-release-linux-x86_64 | 1.0.2 | 4.32 | 50.25 | 54.57 | OK | |
r-release-macos-arm64 | 1.0.2 | 35.00 | OK | |||
r-release-macos-x86_64 | 1.0.2 | 47.00 | OK | |||
r-release-windows-x86_64 | 1.0.2 | 8.00 | 68.00 | 76.00 | OK | |
r-oldrel-macos-arm64 | 1.0.2 | 26.00 | NOTE | |||
r-oldrel-macos-x86_64 | 1.0.2 | 40.00 | NOTE | |||
r-oldrel-windows-x86_64 | 1.0.2 | 7.00 | 72.00 | 79.00 | OK |
Version: 1.0.2
Check: dependencies in R code
Result: NOTE
Namespace in Imports field not imported from: ‘pspearman’
All declared Imports should be used.
Flavors: r-devel-linux-x86_64-fedora-clang, r-devel-linux-x86_64-fedora-gcc, r-oldrel-macos-arm64, r-oldrel-macos-x86_64