CRAN Package Check Results for Package cultevo

Last updated on 2021-06-15 11:50:05 CEST.

Flavor Version Tinstall Tcheck Ttotal Status Flags
r-devel-linux-x86_64-debian-clang 1.0.2 3.88 314.80 318.68 OK
r-devel-linux-x86_64-debian-gcc 1.0.2 2.85 231.13 233.98 OK
r-devel-linux-x86_64-fedora-clang 1.0.2 370.67 OK
r-devel-linux-x86_64-fedora-gcc 1.0.2 361.87 OK
r-devel-windows-x86_64 1.0.2 7.00 361.00 368.00 OK
r-devel-windows-x86_64-gcc10-UCRT 1.0.2 NOTE
r-patched-linux-x86_64 1.0.2 4.17 290.63 294.80 OK
r-patched-solaris-x86 1.0.2 685.10 OK
r-release-linux-x86_64 1.0.2 3.66 299.22 302.88 OK
r-release-macos-arm64 1.0.2 NOTE
r-release-macos-x86_64 1.0.2 NOTE
r-release-windows-ix86+x86_64 1.0.2 8.00 355.00 363.00 OK
r-oldrel-macos-x86_64 1.0.2 NOTE
r-oldrel-windows-ix86+x86_64 1.0.2 10.00 372.00 382.00 OK

Check Details

Version: 1.0.2
Check: dependencies in R code
Result: NOTE
    Namespace in Imports field not imported from: 'pspearman'
     All declared Imports should be used.
Flavors: r-devel-windows-x86_64-gcc10-UCRT, r-release-macos-arm64, r-release-macos-x86_64, r-oldrel-macos-x86_64