Last updated on 2024-08-31 23:49:01 CEST.
Flavor | Version | Tinstall | Tcheck | Ttotal | Status | Flags |
---|---|---|---|---|---|---|
r-devel-linux-x86_64-debian-clang | 2.0.2 | 10.89 | 565.99 | 576.88 | OK | |
r-devel-linux-x86_64-debian-gcc | 2.0.2 | 6.92 | 413.96 | 420.88 | OK | |
r-devel-linux-x86_64-fedora-clang | 2.0.2 | 968.57 | OK | |||
r-devel-linux-x86_64-fedora-gcc | 2.0.2 | 949.74 | OK | |||
r-devel-windows-x86_64 | 2.0.2 | 13.00 | 546.00 | 559.00 | OK | |
r-patched-linux-x86_64 | 2.0.2 | 10.06 | 540.57 | 550.63 | OK | |
r-release-linux-x86_64 | 2.0.2 | 9.10 | 542.85 | 551.95 | OK | |
r-release-macos-arm64 | 2.0.2 | 250.00 | OK | |||
r-release-macos-x86_64 | 2.0.2 | 410.00 | OK | |||
r-release-windows-x86_64 | 2.0.2 | 11.00 | 560.00 | 571.00 | OK | |
r-oldrel-macos-arm64 | 2.0.2 | 603.00 | ERROR | |||
r-oldrel-macos-x86_64 | 2.0.2 | 1115.00 | ERROR | |||
r-oldrel-windows-x86_64 | 2.0.2 | 14.00 | 717.00 | 731.00 | OK |
Version: 2.0.2
Check: running R code from vignettes
Result: ERROR
Errors in running code in vignettes:
when running code in ‘cv-extend.Rmd’
...
> xtabs(~vote, data = BEPS)/nrow(BEPS)
vote
Conservative Labour Liberal Democrat
0.30295 0.47213 0.22492
> cv(m.beps, seed = 3465, criterion = BayesRuleMulti)
When sourcing ‘cv-extend.R’:
Error: non-vector response
Execution halted
‘cv-extend.Rmd’ using ‘UTF-8’... failed
‘cv-mixed.Rmd’ using ‘UTF-8’... [104s/109s] OK
‘cv-notes.Rmd’ using ‘UTF-8’... [90s/102s] OK
‘cv-selection.Rmd’ using ‘UTF-8’... [15s/17s] OK
‘cv.Rmd’ using ‘UTF-8’... [42s/68s] OK
Flavor: r-oldrel-macos-arm64
Version: 2.0.2
Check: running R code from vignettes
Result: ERROR
Errors in running code in vignettes:
when running code in ‘cv-extend.Rmd’
...
> xtabs(~vote, data = BEPS)/nrow(BEPS)
vote
Conservative Labour Liberal Democrat
0.30295 0.47213 0.22492
> cv(m.beps, seed = 3465, criterion = BayesRuleMulti)
When sourcing ‘cv-extend.R’:
Error: non-vector response
Execution halted
‘cv-extend.Rmd’ using ‘UTF-8’... failed
‘cv-mixed.Rmd’ using ‘UTF-8’... [145s/211s] OK
‘cv-notes.Rmd’ using ‘UTF-8’... [140s/204s] OK
‘cv-selection.Rmd’ using ‘UTF-8’... [21s/31s] OK
‘cv.Rmd’ using ‘UTF-8’... [56s/150s] OK
Flavor: r-oldrel-macos-x86_64