CRAN Package Check Results for Package cvCovEst

Last updated on 2021-08-01 23:49:18 CEST.

Flavor Version Tinstall Tcheck Ttotal Status Flags
r-devel-linux-x86_64-debian-clang 1.0.0 14.11 258.86 272.97 OK
r-devel-linux-x86_64-debian-gcc 1.0.0 11.37 144.92 156.29 OK
r-devel-linux-x86_64-fedora-clang 1.0.0 282.04 OK
r-devel-linux-x86_64-fedora-gcc 1.0.0 245.24 OK
r-devel-windows-x86_64 1.0.0 34.00 230.00 264.00 OK
r-devel-windows-x86_64-gcc10-UCRT 1.0.0 OK
r-patched-linux-x86_64 1.0.0 OK
r-patched-solaris-x86 1.0.0 338.90 OK
r-release-linux-x86_64 1.0.0 11.97 187.62 199.59 OK
r-release-macos-arm64 1.0.0 WARN
r-release-macos-x86_64 1.0.0 OK
r-release-windows-ix86+x86_64 1.0.0 33.00 226.00 259.00 OK
r-oldrel-macos-x86_64 1.0.0 OK
r-oldrel-windows-ix86+x86_64 1.0.0 5.00 6.00 11.00 ERROR

Check Details

Version: 1.0.0
Check: re-building of vignette outputs
Result: WARN
    Error(s) in re-building vignettes:
     ...
    --- re-building ‘using_cvCovEst.Rmd’ using rmarkdown
    Warning in engine$weave(file, quiet = quiet, encoding = enc) :
     Pandoc (>= 1.12.3) not available. Falling back to R Markdown v1.
    Quitting from lines 301-302 (using_cvCovEst.Rmd)
    Error: processing vignette 'using_cvCovEst.Rmd' failed with diagnostics:
    polygon edge not found
    --- failed re-building ‘using_cvCovEst.Rmd’
    
    SUMMARY: processing the following file failed:
     ‘using_cvCovEst.Rmd’
    
    Error: Vignette re-building failed.
    Execution halted
Flavor: r-release-macos-arm64

Version: 1.0.0
Check: whether package can be installed
Result: ERROR
    Installation failed.
Flavor: r-oldrel-windows-ix86+x86_64