Last updated on 2024-03-29 06:56:24 CET.
Flavor | Version | Tinstall | Tcheck | Ttotal | Status | Flags |
---|---|---|---|---|---|---|
r-devel-linux-x86_64-debian-clang | 1.6.1 | 17.64 | 536.51 | 554.15 | OK | |
r-devel-linux-x86_64-debian-gcc | 1.6.1 | 16.09 | 398.04 | 414.13 | OK | |
r-devel-linux-x86_64-fedora-clang | 1.6.1 | 721.86 | OK | |||
r-devel-linux-x86_64-fedora-gcc | 1.6.1 | 719.73 | OK | |||
r-devel-windows-x86_64 | 1.6.1 | 17.00 | 376.00 | 393.00 | OK | |
r-patched-linux-x86_64 | 1.6.1 | 17.70 | 531.66 | 549.36 | OK | |
r-release-linux-x86_64 | 1.6.1 | 13.73 | 531.58 | 545.31 | OK | |
r-release-macos-arm64 | 1.6.1 | 183.00 | OK | |||
r-release-macos-x86_64 | 1.6.1 | 376.00 | NOTE | |||
r-release-windows-x86_64 | 1.6.1 | 24.00 | 500.00 | 524.00 | OK | |
r-oldrel-macos-arm64 | 1.6.1 | 188.00 | OK | |||
r-oldrel-windows-x86_64 | 1.6.1 | 25.00 | 489.00 | 514.00 | OK |
Version: 1.6.1
Check: installed package size
Result: NOTE
installed size is 5.7Mb
sub-directories of 1Mb or more:
data 2.1Mb
doc 2.4Mb
Flavor: r-release-macos-x86_64