Last updated on 2023-04-01 23:53:00 CEST.
Flavor | Version | Tinstall | Tcheck | Ttotal | Status | Flags |
---|---|---|---|---|---|---|
r-devel-linux-x86_64-debian-clang | 0.3.8 | 8.06 | 86.26 | 94.32 | OK | |
r-devel-linux-x86_64-debian-gcc | 0.3.8 | 7.14 | 64.41 | 71.55 | OK | |
r-devel-linux-x86_64-fedora-clang | 0.3.8 | 116.60 | OK | |||
r-devel-linux-x86_64-fedora-gcc | 0.3.8 | 122.08 | OK | |||
r-devel-windows-x86_64 | 0.3.8 | 14.00 | 117.00 | 131.00 | OK | |
r-patched-linux-x86_64 | 0.3.8 | 5.60 | 81.07 | 86.67 | OK | |
r-release-linux-x86_64 | 0.3.8 | 6.31 | 81.66 | 87.97 | OK | |
r-release-macos-arm64 | 0.3.8 | 174.00 | OK | |||
r-release-macos-x86_64 | 0.3.8 | 122.00 | OK | |||
r-release-windows-x86_64 | 0.3.8 | 55.00 | 134.00 | 189.00 | OK | |
r-oldrel-macos-arm64 | 0.3.8 | 252.00 | OK | |||
r-oldrel-macos-x86_64 | 0.3.8 | 146.00 | OK | |||
r-oldrel-windows-ix86+x86_64 | 0.3.8 | 19.00 | 117.00 | 136.00 | NOTE |
Version: 0.3.8
Check: R code for possible problems
Result: NOTE
Initiating curl with CURL_SSL_BACKEND: openssl
Flavor: r-oldrel-windows-ix86+x86_64