Last updated on 2021-01-28 06:49:52 CET.
Flavor | Version | Tinstall | Tcheck | Ttotal | Status | Flags |
---|---|---|---|---|---|---|
r-devel-linux-x86_64-debian-clang | 1.0.3 | 9.22 | 69.77 | 78.99 | OK | |
r-devel-linux-x86_64-debian-gcc | 1.0.3 | 6.97 | 52.82 | 59.79 | OK | |
r-devel-linux-x86_64-fedora-clang | 1.0.3 | 98.11 | OK | |||
r-devel-linux-x86_64-fedora-gcc | 1.0.3 | 89.91 | OK | |||
r-devel-windows-ix86+x86_64 | 1.0.3 | 21.00 | 92.00 | 113.00 | OK | |
r-patched-linux-x86_64 | 1.0.3 | 8.12 | 64.19 | 72.31 | OK | |
r-patched-solaris-x86 | 1.0.3 | 125.40 | NOTE | |||
r-release-linux-x86_64 | 1.0.3 | 7.93 | 64.42 | 72.35 | OK | |
r-release-macos-x86_64 | 1.0.3 | OK | ||||
r-release-windows-ix86+x86_64 | 1.0.3 | 22.00 | 69.00 | 91.00 | OK | |
r-oldrel-macos-x86_64 | 1.0.3 | ERROR |
Version: 1.0.3
Check: installed package size
Result: NOTE
installed size is 5.5Mb
sub-directories of 1Mb or more:
extdata 4.3Mb
Flavor: r-patched-solaris-x86
Version: 1.0.3
Check: whether package can be installed
Result: ERROR
Installation failed.
Flavor: r-oldrel-macos-x86_64