CRAN Package Check Results for Package dagitty

Last updated on 2021-05-11 23:50:38 CEST.

Flavor Version Tinstall Tcheck Ttotal Status Flags
r-devel-linux-x86_64-debian-clang 0.3-1 6.17 52.36 58.53 NOTE
r-devel-linux-x86_64-debian-gcc 0.3-1 4.74 40.75 45.49 NOTE
r-devel-linux-x86_64-fedora-clang 0.3-1 83.17 NOTE
r-devel-linux-x86_64-fedora-gcc 0.3-1 69.19 NOTE
r-devel-windows-ix86+x86_64 0.3-1 14.00 85.00 99.00 NOTE
r-devel-windows-x86_64-gcc10-UCRT 0.3-1 NOTE
r-patched-linux-x86_64 0.3-1 6.39 51.16 57.55 NOTE
r-patched-solaris-x86 0.3-1 92.60 NOTE
r-release-linux-x86_64 0.3-1 5.13 50.38 55.51 OK
r-release-macos-x86_64 0.3-1 OK
r-release-windows-ix86+x86_64 0.3-1 11.00 64.00 75.00 OK
r-oldrel-macos-x86_64 0.3-1 OK
r-oldrel-windows-ix86+x86_64 0.3-1 13.00 85.00 98.00 OK

Check Details

Version: 0.3-1
Check: LazyData
Result: NOTE
     'LazyData' is specified without a 'data' directory
Flavors: r-devel-linux-x86_64-debian-clang, r-devel-linux-x86_64-debian-gcc, r-devel-linux-x86_64-fedora-clang, r-devel-linux-x86_64-fedora-gcc, r-devel-windows-ix86+x86_64, r-devel-windows-x86_64-gcc10-UCRT, r-patched-linux-x86_64, r-patched-solaris-x86