Last updated on 2024-08-31 23:49:01 CEST.
Flavor | Version | Tinstall | Tcheck | Ttotal | Status | Flags |
---|---|---|---|---|---|---|
r-devel-linux-x86_64-debian-clang | 2.9.7 | 80.94 | 598.73 | 679.67 | NOTE | |
r-devel-linux-x86_64-debian-gcc | 2.9.7 | 49.66 | 384.88 | 434.54 | NOTE | |
r-devel-linux-x86_64-fedora-clang | 2.9.7 | 1080.02 | NOTE | |||
r-devel-linux-x86_64-fedora-gcc | 2.9.7 | 1055.97 | NOTE | |||
r-devel-windows-x86_64 | 2.9.7 | 72.00 | 553.00 | 625.00 | NOTE | |
r-patched-linux-x86_64 | 2.9.7 | 82.82 | 552.78 | 635.60 | NOTE | |
r-release-linux-x86_64 | 2.9.7 | 67.72 | 551.66 | 619.38 | NOTE | |
r-release-macos-arm64 | 2.9.7 | 237.00 | NOTE | |||
r-release-macos-x86_64 | 2.9.7 | 368.00 | NOTE | |||
r-release-windows-x86_64 | 2.9.7 | 76.00 | 582.00 | 658.00 | NOTE | |
r-oldrel-macos-arm64 | 2.9.7 | 250.00 | NOTE | |||
r-oldrel-macos-x86_64 | 2.9.7 | 569.00 | OK | |||
r-oldrel-windows-x86_64 | 2.9.7 | 103.00 | 783.00 | 886.00 | OK |
Version: 2.9.7
Check: Rd files
Result: NOTE
checkRd: (-1) gl.filter.maf.Rd:7: Lost braces; missing escapes or markup?
7 | {adegenet} object}
| ^
checkRd: (-1) gl.pcoa.Rd:68: Lost braces; missing escapes or markup?
68 | The function is essentially a wrapper for glPca {adegenet} or pcoa \{ape\}
| ^
checkRd: (-1) gl.play.history.Rd:17: Lost braces
17 | code{x2@other$history[c(1,4,5)]}). [optional].}
| ^
checkRd: (-1) utils.jackknife.Rd:49: Lost braces
49 | bold{Note} that when n is very small, jackknife resampling is not recommended.
| ^
checkRd: (-1) utils.jackknife.Rd:51: Lost braces
51 | Parallel computation is implemented. The argument code{n.cores} indicates the
| ^
Flavors: r-devel-linux-x86_64-debian-clang, r-devel-linux-x86_64-debian-gcc, r-devel-linux-x86_64-fedora-clang, r-devel-linux-x86_64-fedora-gcc, r-devel-windows-x86_64, r-patched-linux-x86_64, r-release-linux-x86_64, r-release-macos-arm64, r-release-macos-x86_64, r-release-windows-x86_64
Version: 2.9.7
Check: Rd cross-references
Result: NOTE
Found the following Rd file(s) with Rd \link{} targets missing package
anchors:
gl.genleastcost.Rd: landgenreport, popgenreport, wassermann, lgrMMRR
utils.dart2genlight.Rd: adegenet
Please provide package anchors for all Rd \link{} targets not in the
package itself and the base packages.
Flavors: r-devel-linux-x86_64-debian-clang, r-devel-linux-x86_64-debian-gcc, r-devel-windows-x86_64
Version: 2.9.7
Check: package dependencies
Result: NOTE
Package suggested but not available for checking: ‘snpStats’
Flavor: r-oldrel-macos-arm64
Version: 2.9.7
Check: Rd cross-references
Result: NOTE
Package unavailable to check Rd xrefs: ‘snpStats’
Flavor: r-oldrel-macos-arm64