CRAN Package Check Results for Package dash

Last updated on 2021-01-26 05:48:14 CET.

Flavor Version Tinstall Tcheck Ttotal Status Flags
r-devel-linux-x86_64-debian-clang 0.5.0 7.87 47.84 55.71 OK
r-devel-linux-x86_64-debian-gcc 0.5.0 6.03 38.11 44.14 OK
r-devel-linux-x86_64-fedora-clang 0.5.0 74.51 NOTE
r-devel-linux-x86_64-fedora-gcc 0.5.0 65.68 NOTE
r-devel-windows-ix86+x86_64 0.5.0 20.00 69.00 89.00 NOTE
r-patched-linux-x86_64 0.5.0 7.00 45.74 52.74 OK
r-patched-solaris-x86 0.5.0 103.50 NOTE
r-release-linux-x86_64 0.5.0 8.41 46.39 54.80 OK
r-release-macos-x86_64 0.5.0 NOTE
r-release-windows-ix86+x86_64 0.5.0 18.00 52.00 70.00 NOTE
r-oldrel-macos-x86_64 0.5.0 NOTE
r-oldrel-windows-ix86+x86_64 0.5.0 13.00 65.00 78.00 NOTE

Check Details

Version: 0.5.0
Check: installed package size
Result: NOTE
     installed size is 8.8Mb
     sub-directories of 1Mb or more:
     lib 8.4Mb
Flavors: r-devel-linux-x86_64-fedora-clang, r-devel-windows-ix86+x86_64, r-patched-solaris-x86, r-release-macos-x86_64, r-release-windows-ix86+x86_64, r-oldrel-macos-x86_64, r-oldrel-windows-ix86+x86_64

Version: 0.5.0
Check: dependencies in R code
Result: NOTE
    Namespace in Imports field not imported from: ‘dashTable’
     All declared Imports should be used.
Flavors: r-devel-linux-x86_64-fedora-clang, r-devel-linux-x86_64-fedora-gcc, r-patched-solaris-x86, r-release-macos-x86_64, r-oldrel-macos-x86_64