CRAN Package Check Results for Package data.tree

Last updated on 2019-10-22 12:48:01 CEST.

Flavor Version Tinstall Tcheck Ttotal Status Flags
r-devel-linux-x86_64-debian-clang 0.7.8 9.61 114.99 124.60 OK
r-devel-linux-x86_64-debian-gcc 0.7.8 7.93 89.11 97.04 OK
r-devel-linux-x86_64-fedora-clang 0.7.8 144.99 OK
r-devel-linux-x86_64-fedora-gcc 0.7.8 138.94 OK
r-devel-windows-ix86+x86_64 0.7.8 20.00 198.00 218.00 OK
r-patched-linux-x86_64 0.7.8 10.09 110.72 120.81 OK
r-patched-solaris-x86 0.7.8 215.20 WARN
r-release-linux-x86_64 0.7.8 9.63 109.43 119.06 OK
r-release-windows-ix86+x86_64 0.7.8 32.00 151.00 183.00 OK
r-release-osx-x86_64 0.7.8 WARN
r-oldrel-windows-ix86+x86_64 0.7.8 25.00 204.00 229.00 OK
r-oldrel-osx-x86_64 0.7.8 WARN

Check Details

Version: 0.7.8
Check: re-building of vignette outputs
Result: WARN
    Error(s) in re-building vignettes:
     ...
    --- re-building ‘applications.Rmd’ using rmarkdown
    Warning in engine$weave(file, quiet = quiet, encoding = enc) :
     Pandoc (>= 1.12.3) and/or pandoc-citeproc not available. Falling back to R Markdown v1.
    --- finished re-building ‘applications.Rmd’
    
    --- re-building ‘data.tree.Rmd’ using rmarkdown
    Warning in engine$weave(file, quiet = quiet, encoding = enc) :
     Pandoc (>= 1.12.3) and/or pandoc-citeproc not available. Falling back to R Markdown v1.
    Quitting from lines 512-515 (data.tree.Rmd)
    Error: processing vignette 'data.tree.Rmd' failed with diagnostics:
    there is no package called 'webshot'
    --- failed re-building ‘data.tree.Rmd’
    
    SUMMARY: processing the following file failed:
     ‘data.tree.Rmd’
    
    Error: Vignette re-building failed.
    Execution halted
Flavor: r-patched-solaris-x86

Version: 0.7.8
Check: re-building of vignette outputs
Result: WARN
    Error(s) in re-building vignettes:
     ...
    --- re-building ‘applications.Rmd’ using rmarkdown
    Warning in engine$weave(file, quiet = quiet, encoding = enc) :
     Pandoc (>= 1.12.3) and/or pandoc-citeproc not available. Falling back to R Markdown v1.
    --- finished re-building ‘applications.Rmd’
    
    --- re-building ‘data.tree.Rmd’ using rmarkdown
    Warning in engine$weave(file, quiet = quiet, encoding = enc) :
     Pandoc (>= 1.12.3) and/or pandoc-citeproc not available. Falling back to R Markdown v1.
    PhantomJS not found. You can install it with webshot::install_phantomjs(). If it is installed, please make sure the phantomjs executable can be found via the PATH variable.
    Warning in normalizePath(f2) :
     path[1]="webshot98997058888d.png": No such file or directory
    Warning in file(con, "rb") :
     cannot open file 'webshot98997058888d.png': No such file or directory
    Quitting from lines 512-515 (data.tree.Rmd)
    Error: processing vignette 'data.tree.Rmd' failed with diagnostics:
    cannot open the connection
    --- failed re-building ‘data.tree.Rmd’
    
    SUMMARY: processing the following file failed:
     ‘data.tree.Rmd’
    
    Error: Vignette re-building failed.
    Execution halted
Flavor: r-release-osx-x86_64

Version: 0.7.8
Check: re-building of vignette outputs
Result: WARN
    Error in re-building vignettes:
     ...
    Warning in engine$weave(file, quiet = quiet, encoding = enc) :
     Pandoc (>= 1.12.3) and/or pandoc-citeproc not available. Falling back to R Markdown v1.
    Warning in engine$weave(file, quiet = quiet, encoding = enc) :
     Pandoc (>= 1.12.3) and/or pandoc-citeproc not available. Falling back to R Markdown v1.
    PhantomJS not found. You can install it with webshot::install_phantomjs(). If it is installed, please make sure the phantomjs executable can be found via the PATH variable.
    Warning in normalizePath(f2) :
     path[1]="./webshot2dd96169dbd5.png": No such file or directory
    Warning in file(con, "rb") :
     cannot open file './webshot2dd96169dbd5.png': No such file or directory
    Quitting from lines 512-515 (data.tree.Rmd)
    Error: processing vignette 'data.tree.Rmd' failed with diagnostics:
    cannot open the connection
    Execution halted
Flavor: r-oldrel-osx-x86_64