CRAN Package Check Results for Package datagovindia

Last updated on 2021-06-15 11:50:05 CEST.

Flavor Version Tinstall Tcheck Ttotal Status Flags
r-devel-linux-x86_64-debian-clang 1.0.4 2.96 45.69 48.65 OK
r-devel-linux-x86_64-debian-gcc 1.0.4 2.26 34.92 37.18 OK
r-devel-linux-x86_64-fedora-clang 1.0.4 65.86 NOTE
r-devel-linux-x86_64-fedora-gcc 1.0.4 54.78 NOTE
r-devel-windows-x86_64 1.0.4 5.00 92.00 97.00 OK
r-devel-windows-x86_64-gcc10-UCRT 1.0.4 NOTE
r-patched-linux-x86_64 1.0.4 2.94 43.70 46.64 OK
r-patched-solaris-x86 1.0.4 78.40 NOTE
r-release-linux-x86_64 1.0.4 2.66 43.78 46.44 OK
r-release-macos-arm64 1.0.4 NOTE
r-release-macos-x86_64 1.0.4 NOTE
r-release-windows-ix86+x86_64 1.0.4 6.00 94.00 100.00 OK
r-oldrel-macos-x86_64 1.0.4 NOTE
r-oldrel-windows-ix86+x86_64 1.0.4 10.00 96.00 106.00 OK

Check Details

Version: 1.0.4
Check: dependencies in R code
Result: NOTE
    Namespace in Imports field not imported from: ‘xml2’
     All declared Imports should be used.
Flavors: r-devel-linux-x86_64-fedora-clang, r-devel-linux-x86_64-fedora-gcc, r-devel-windows-x86_64-gcc10-UCRT, r-patched-solaris-x86, r-release-macos-arm64, r-release-macos-x86_64, r-oldrel-macos-x86_64