CRAN Package Check Results for Package datagovsgR

Last updated on 2023-10-01 17:56:22 CEST.

Flavor Version Tinstall Tcheck Ttotal Status Flags
r-devel-linux-x86_64-debian-clang 1.0.0 5.13 45.76 50.89 OK
r-devel-linux-x86_64-debian-gcc 1.0.0 3.97 36.82 40.79 OK
r-devel-linux-x86_64-fedora-clang 1.0.0 66.54 NOTE
r-devel-linux-x86_64-fedora-gcc 1.0.0 76.03 NOTE
r-devel-windows-x86_64 1.0.0 6.00 72.00 78.00 OK
r-patched-linux-x86_64 1.0.0 3.93 47.30 51.23 OK
r-release-linux-x86_64 1.0.0 4.61 48.23 52.84 OK
r-release-macos-arm64 1.0.0 42.00 OK
r-release-macos-x86_64 1.0.0 56.00 OK
r-release-windows-x86_64 1.0.0 8.00 74.00 82.00 ERROR
r-oldrel-macos-arm64 1.0.0 39.00 OK
r-oldrel-macos-x86_64 1.0.0 56.00 OK
r-oldrel-windows-x86_64 1.0.0 7.00 78.00 85.00 OK

Check Details

Version: 1.0.0
Check: dependencies in R code
Result: NOTE
    Namespace in Imports field not imported from: ‘purrr’
     All declared Imports should be used.
Flavors: r-devel-linux-x86_64-fedora-clang, r-devel-linux-x86_64-fedora-gcc

Version: 1.0.0
Check: re-building of vignette outputs
Result: ERROR
    Error(s) in re-building vignettes:
    --- re-building 'datagovsgR-vignette.Rmd' using rmarkdown
    
    Quitting from lines 32-33 [unnamed-chunk-2] (datagovsgR-vignette.Rmd)
    Error: processing vignette 'datagovsgR-vignette.Rmd' failed with diagnostics:
    Timeout was reached: [api.data.gov.sg] Failed to connect to api.data.gov.sg port 443 after 7507 ms: Timed out
    --- failed re-building 'datagovsgR-vignette.Rmd'
    
    SUMMARY: processing the following file failed:
     'datagovsgR-vignette.Rmd'
    
    Error: Vignette re-building failed.
    Execution halted
Flavor: r-release-windows-x86_64