Last updated on 2024-04-26 23:53:36 CEST.
Flavor | Version | Tinstall | Tcheck | Ttotal | Status | Flags |
---|---|---|---|---|---|---|
r-devel-linux-x86_64-debian-clang | 0.0.4 | 4.67 | 41.47 | 46.14 | OK | |
r-devel-linux-x86_64-debian-gcc | 0.0.4 | 3.48 | 31.30 | 34.78 | OK | |
r-devel-linux-x86_64-fedora-clang | 0.0.4 | 57.53 | NOTE | |||
r-devel-linux-x86_64-fedora-gcc | 0.0.4 | 54.24 | NOTE | |||
r-devel-windows-x86_64 | 0.0.4 | 5.00 | 52.00 | 57.00 | OK | |
r-patched-linux-x86_64 | 0.0.4 | 4.77 | 39.95 | 44.72 | OK | |
r-release-linux-x86_64 | 0.0.4 | 3.75 | 40.12 | 43.87 | OK | |
r-release-macos-arm64 | 0.0.4 | 21.00 | OK | |||
r-release-windows-x86_64 | 0.0.4 | 5.00 | 50.00 | 55.00 | OK | |
r-oldrel-macos-arm64 | 0.0.4 | 28.00 | OK | |||
r-oldrel-macos-x86_64 | 0.0.4 | 42.00 | OK | |||
r-oldrel-windows-x86_64 | 0.0.4 | 7.00 | 55.00 | 62.00 | OK |
Version: 0.0.4
Check: data for non-ASCII characters
Result: NOTE
Note: found 2 marked UTF-8 strings
Flavors: r-devel-linux-x86_64-fedora-clang, r-devel-linux-x86_64-fedora-gcc