CRAN Package Check Results for Package datrProfile

Last updated on 2022-06-30 17:49:43 CEST.

Flavor Version Tinstall Tcheck Ttotal Status Flags
r-devel-linux-x86_64-debian-clang 0.1.0 2.49 28.28 30.77 NOTE
r-devel-linux-x86_64-debian-gcc 0.1.0 2.12 21.98 24.10 NOTE
r-devel-linux-x86_64-fedora-clang 0.1.0 48.84 NOTE
r-devel-linux-x86_64-fedora-gcc 0.1.0 48.18 NOTE
r-devel-windows-x86_64 0.1.0 49.00 60.00 109.00 NOTE
r-patched-linux-x86_64 0.1.0 2.72 27.68 30.40 NOTE
r-release-linux-x86_64 0.1.0 1.90 27.36 29.26 NOTE
r-release-macos-arm64 0.1.0 16.00 NOTE
r-release-macos-x86_64 0.1.0 28.00 NOTE
r-release-windows-x86_64 0.1.0 36.00 53.00 89.00 NOTE
r-oldrel-macos-arm64 0.1.0 21.00 NOTE
r-oldrel-macos-x86_64 0.1.0 27.00 NOTE
r-oldrel-windows-ix86+x86_64 0.1.0 7.00 46.00 53.00 NOTE

Check Details

Version: 0.1.0
Check: LazyData
Result: NOTE
     'LazyData' is specified without a 'data' directory
Flavors: r-devel-linux-x86_64-debian-clang, r-devel-linux-x86_64-debian-gcc, r-devel-linux-x86_64-fedora-clang, r-devel-linux-x86_64-fedora-gcc, r-devel-windows-x86_64, r-patched-linux-x86_64, r-release-linux-x86_64, r-release-macos-arm64, r-release-macos-x86_64, r-release-windows-x86_64, r-oldrel-macos-arm64, r-oldrel-macos-x86_64, r-oldrel-windows-ix86+x86_64