Last updated on 2023-03-26 12:03:14 CEST.
Flavor | Version | Tinstall | Tcheck | Ttotal | Status | Flags |
---|---|---|---|---|---|---|
r-devel-linux-x86_64-debian-clang | 1.0.0 | 6.73 | 58.41 | 65.14 | OK | |
r-devel-linux-x86_64-debian-gcc | 1.0.0 | 5.27 | 43.42 | 48.69 | OK | |
r-devel-linux-x86_64-fedora-gcc | 1.0.0 | 83.15 | NOTE | |||
r-patched-linux-x86_64 | 1.0.0 | 5.28 | 54.27 | 59.55 | OK | |
r-release-linux-x86_64 | 1.0.0 | 4.51 | 58.79 | 63.30 | OK | |
r-release-macos-arm64 | 1.0.0 | 29.00 | NOTE | |||
r-release-macos-x86_64 | 1.0.0 | 48.00 | NOTE | |||
r-release-windows-x86_64 | 1.0.0 | 22.00 | 96.00 | 118.00 | OK | |
r-oldrel-macos-arm64 | 1.0.0 | 33.00 | NOTE | |||
r-oldrel-macos-x86_64 | 1.0.0 | 33.00 | NOTE | |||
r-oldrel-windows-ix86+x86_64 | 1.0.0 | 17.00 | 84.00 | 101.00 | OK |
Version: 1.0.0
Check: dependencies in R code
Result: NOTE
Namespaces in Imports field not imported from:
‘knitr’ ‘tidyverse’ ‘vctrs’
All declared Imports should be used.
Flavors: r-devel-linux-x86_64-fedora-gcc, r-release-macos-arm64, r-release-macos-x86_64, r-oldrel-macos-arm64, r-oldrel-macos-x86_64