Last updated on 2024-04-17 23:55:28 CEST.
Flavor | Version | Tinstall | Tcheck | Ttotal | Status | Flags |
---|---|---|---|---|---|---|
r-devel-linux-x86_64-debian-clang | 0.2-8 | 5.01 | 56.30 | 61.31 | NOTE | |
r-devel-linux-x86_64-debian-gcc | 0.2-8 | 4.17 | 42.04 | 46.21 | NOTE | |
r-devel-linux-x86_64-fedora-clang | 0.2-8 | 77.35 | NOTE | |||
r-devel-linux-x86_64-fedora-gcc | 0.2-8 | 87.02 | NOTE | |||
r-prerel-macos-arm64 | 0.2-8 | 30.00 | NOTE | |||
r-prerel-windows-x86_64 | 0.2-8 | 6.00 | 62.00 | 68.00 | NOTE | |
r-patched-linux-x86_64 | 0.2-8 | 4.02 | 53.79 | 57.81 | NOTE | |
r-release-linux-x86_64 | 0.2-8 | 5.19 | 52.37 | 57.56 | NOTE | |
r-release-macos-arm64 | 0.2-8 | 32.00 | NOTE | |||
r-release-macos-x86_64 | 0.2-8 | 48.00 | NOTE | |||
r-release-windows-x86_64 | 0.2-8 | 8.00 | 66.00 | 74.00 | NOTE | |
r-oldrel-macos-arm64 | 0.2-8 | 23.00 | NOTE | |||
r-oldrel-windows-x86_64 | 0.2-8 | 7.00 | 73.00 | 80.00 | NOTE |
Version: 0.2-8
Check: LazyData
Result: NOTE
'LazyData' is specified without a 'data' directory
Flavors: r-devel-linux-x86_64-debian-clang, r-devel-linux-x86_64-debian-gcc, r-devel-linux-x86_64-fedora-clang, r-devel-linux-x86_64-fedora-gcc, r-prerel-macos-arm64, r-prerel-windows-x86_64, r-patched-linux-x86_64, r-release-linux-x86_64, r-release-macos-arm64, r-release-macos-x86_64, r-release-windows-x86_64, r-oldrel-macos-arm64, r-oldrel-windows-x86_64