CRAN Package Check Results for Package dbx

Last updated on 2022-05-19 00:52:48 CEST.

Flavor Version Tinstall Tcheck Ttotal Status Flags
r-devel-linux-x86_64-debian-clang 0.2.8 2.48 40.07 42.55 NOTE
r-devel-linux-x86_64-debian-gcc 0.2.8 2.24 30.85 33.09 NOTE
r-devel-linux-x86_64-fedora-clang 0.2.8 51.98 NOTE
r-devel-linux-x86_64-fedora-gcc 0.2.8 50.52 NOTE
r-devel-windows-x86_64 0.2.8 18.00 56.00 74.00 NOTE
r-patched-linux-x86_64 0.2.8 2.67 38.25 40.92 NOTE
r-release-linux-x86_64 0.2.8 2.86 38.61 41.47 NOTE
r-release-macos-arm64 0.2.8 20.00 NOTE
r-release-macos-x86_64 0.2.8 29.00 NOTE
r-release-windows-x86_64 0.2.8 24.00 55.00 79.00 NOTE
r-oldrel-macos-arm64 0.2.8 23.00 NOTE
r-oldrel-macos-x86_64 0.2.8 33.00 NOTE
r-oldrel-windows-ix86+x86_64 0.2.8 6.00 47.00 53.00 NOTE

Check Details

Version: 0.2.8
Check: LazyData
Result: NOTE
     'LazyData' is specified without a 'data' directory
Flavors: r-devel-linux-x86_64-debian-clang, r-devel-linux-x86_64-debian-gcc, r-devel-linux-x86_64-fedora-clang, r-devel-linux-x86_64-fedora-gcc, r-devel-windows-x86_64, r-patched-linux-x86_64, r-release-linux-x86_64, r-release-macos-arm64, r-release-macos-x86_64, r-release-windows-x86_64, r-oldrel-macos-arm64, r-oldrel-macos-x86_64, r-oldrel-windows-ix86+x86_64