CRAN Package Check Results for Package dc3net

Last updated on 2021-10-28 11:51:23 CEST.

Flavor Version Tinstall Tcheck Ttotal Status Flags
r-devel-linux-x86_64-debian-clang 1.2.0 3.33 41.23 44.56 OK
r-devel-linux-x86_64-debian-gcc 1.2.0 2.62 32.02 34.64 OK
r-devel-linux-x86_64-fedora-clang 1.2.0 64.67 OK
r-devel-linux-x86_64-fedora-gcc 1.2.0 53.67 OK
r-devel-windows-x86_64 1.2.0 6.00 64.00 70.00 OK
r-devel-windows-x86_64-gcc10-UCRT 1.2.0 OK
r-patched-linux-x86_64 1.2.0 3.41 40.50 43.91 OK
r-patched-solaris-x86 1.2.0 86.50 OK
r-release-linux-x86_64 1.2.0 3.20 40.15 43.35 OK
r-release-macos-arm64 1.2.0 ERROR
r-release-macos-x86_64 1.2.0 OK
r-release-windows-ix86+x86_64 1.2.0 7.00 54.00 61.00 OK
r-oldrel-macos-x86_64 1.2.0 OK
r-oldrel-windows-ix86+x86_64 1.2.0 5.00 58.00 63.00 OK

Check Details

Version: 1.2.0
Check: package dependencies
Result: ERROR
    Package required but not available: ‘RedeR’
    
    See section ‘The DESCRIPTION file’ in the ‘Writing R Extensions’
    manual.
Flavor: r-release-macos-arm64