CRAN Package Check Results for Package dccvalidator

Last updated on 2022-01-26 11:53:35 CET.

Flavor Version Tinstall Tcheck Ttotal Status Flags
r-devel-linux-x86_64-debian-clang 0.3.0 11.71 147.30 159.01 NOTE
r-devel-linux-x86_64-debian-gcc 0.3.0 9.35 112.26 121.61 NOTE
r-devel-linux-x86_64-fedora-clang 0.3.0 189.59 NOTE
r-devel-linux-x86_64-fedora-gcc 0.3.0 183.81 NOTE
r-devel-windows-x86_64-new-UL 0.3.0 247.00 184.00 431.00 NOTE
r-devel-windows-x86_64-new-TK 0.3.0 NOTE
r-patched-linux-x86_64 0.3.0 11.32 139.07 150.39 NOTE
r-release-linux-x86_64 0.3.0 9.49 136.35 145.84 NOTE
r-release-macos-arm64 0.3.0 NOTE
r-release-macos-x86_64 0.3.0 NOTE
r-release-windows-ix86+x86_64 0.3.0 31.00 175.00 206.00 NOTE
r-oldrel-macos-x86_64 0.3.0 OK
r-oldrel-windows-ix86+x86_64 0.3.0 30.00 174.00 204.00 OK

Check Details

Version: 0.3.0
Check: LazyData
Result: NOTE
     'LazyData' is specified without a 'data' directory
Flavors: r-devel-linux-x86_64-debian-clang, r-devel-linux-x86_64-debian-gcc, r-devel-linux-x86_64-fedora-clang, r-devel-linux-x86_64-fedora-gcc, r-devel-windows-x86_64-new-UL, r-devel-windows-x86_64-new-TK, r-patched-linux-x86_64, r-release-linux-x86_64, r-release-macos-arm64, r-release-macos-x86_64, r-release-windows-ix86+x86_64