CRAN Package Check Results for Package dcv

Last updated on 2021-06-13 23:49:04 CEST.

Flavor Version Tinstall Tcheck Ttotal Status Flags
r-devel-linux-x86_64-debian-clang 0.1.1 2.23 24.40 26.63 NOTE
r-devel-linux-x86_64-debian-gcc 0.1.1 1.67 19.38 21.05 NOTE
r-devel-linux-x86_64-fedora-clang 0.1.1 41.70 NOTE
r-devel-linux-x86_64-fedora-gcc 0.1.1 31.40 NOTE
r-devel-windows-x86_64 0.1.1 4.00 42.00 46.00 NOTE
r-devel-windows-x86_64-gcc10-UCRT 0.1.1 NOTE
r-patched-linux-x86_64 0.1.1 2.20 23.64 25.84 NOTE
r-patched-solaris-x86 0.1.1 49.90 NOTE
r-release-linux-x86_64 0.1.1 2.49 23.63 26.12 NOTE
r-release-macos-arm64 0.1.1 NOTE
r-release-macos-x86_64 0.1.1 NOTE
r-release-windows-ix86+x86_64 0.1.1 4.00 43.00 47.00 NOTE
r-oldrel-macos-x86_64 0.1.1 NOTE
r-oldrel-windows-ix86+x86_64 0.1.1 4.00 40.00 44.00 NOTE

Check Details

Version: 0.1.1
Check: R code for possible problems
Result: NOTE
    test.LM: no visible global function definition for 'lm'
    Undefined global functions or variables:
     lm
    Consider adding
     importFrom("stats", "lm")
    to your NAMESPACE file.
Flavors: r-devel-linux-x86_64-debian-clang, r-devel-linux-x86_64-debian-gcc, r-devel-linux-x86_64-fedora-clang, r-devel-linux-x86_64-fedora-gcc, r-devel-windows-x86_64, r-devel-windows-x86_64-gcc10-UCRT, r-patched-linux-x86_64, r-patched-solaris-x86, r-release-linux-x86_64, r-release-macos-arm64, r-release-macos-x86_64, r-release-windows-ix86+x86_64, r-oldrel-macos-x86_64, r-oldrel-windows-ix86+x86_64