Last updated on 2024-08-16 11:49:38 CEST.
Flavor | Version | Tinstall | Tcheck | Ttotal | Status | Flags |
---|---|---|---|---|---|---|
r-devel-linux-x86_64-debian-clang | 1.3.15 | 99.95 | 107.52 | 207.47 | NOTE | |
r-devel-linux-x86_64-debian-gcc | 1.3.15 | 69.88 | 74.86 | 144.74 | NOTE | |
r-devel-linux-x86_64-fedora-clang | 1.3.15 | 393.91 | NOTE | |||
r-devel-linux-x86_64-fedora-gcc | 1.3.15 | 381.09 | OK | |||
r-devel-windows-x86_64 | 1.3.15 | 120.00 | 161.00 | 281.00 | NOTE | |
r-patched-linux-x86_64 | 1.3.15 | 100.93 | 100.02 | 200.95 | OK | |
r-release-linux-x86_64 | 1.3.15 | 96.19 | 100.19 | 196.38 | OK | |
r-release-macos-arm64 | 1.3.15 | 90.00 | OK | |||
r-release-macos-x86_64 | 1.3.15 | 109.00 | OK | |||
r-release-windows-x86_64 | 1.3.15 | 126.00 | 160.00 | 286.00 | OK | |
r-oldrel-macos-arm64 | 1.3.15 | 103.00 | OK | |||
r-oldrel-macos-x86_64 | 1.3.15 | 177.00 | OK | |||
r-oldrel-windows-x86_64 | 1.3.15 | 142.00 | 186.00 | 328.00 | OK |
Version: 1.3.15
Check: Rd cross-references
Result: NOTE
Found the following Rd file(s) with Rd \link{} targets missing package
anchors:
ddalpha.train.Rd: covMcd, lda, knn, knn.cv
depth.L2.Rd: covMcd
depth.Mahalanobis.Rd: covMcd
depth.betaSkeleton.Rd: covMcd
depth.potential.Rd: covMcd
depth.simplicialVolume.Rd: covMcd
depth.space.Mahalanobis.Rd: covMcd
depth.space.potential.Rd: covMcd
depth.space.simplicialVolume.Rd: covMcd
depth.space.spatial.Rd: covMcd
depth.spatial.Rd: covMcd
Please provide package anchors for all Rd \link{} targets not in the
package itself and the base packages.
Flavors: r-devel-linux-x86_64-debian-clang, r-devel-linux-x86_64-debian-gcc, r-devel-windows-x86_64
Version: 1.3.15
Check: Rd cross-references
Result: NOTE
Undeclared package ‘fda.usc’ in Rd xrefs
Flavor: r-devel-linux-x86_64-fedora-clang