CRAN Package Check Results for Package ddiv

Last updated on 2019-10-19 17:46:50 CEST.

Flavor Version Tinstall Tcheck Ttotal Status Flags
r-devel-linux-x86_64-debian-clang 0.1.0 2.47 43.97 46.44 OK
r-devel-linux-x86_64-debian-gcc 0.1.0 1.93 35.67 37.60 OK
r-devel-linux-x86_64-fedora-clang 0.1.0 57.76 NOTE
r-devel-linux-x86_64-fedora-gcc 0.1.0 58.79 NOTE
r-devel-windows-ix86+x86_64 0.1.0 5.00 54.00 59.00 OK
r-patched-linux-x86_64 0.1.0 1.88 43.27 45.15 OK
r-patched-solaris-x86 0.1.0 72.60 NOTE
r-release-linux-x86_64 0.1.0 1.86 44.30 46.16 OK
r-release-windows-ix86+x86_64 0.1.0 5.00 77.00 82.00 OK
r-release-osx-x86_64 0.1.0 NOTE
r-oldrel-windows-ix86+x86_64 0.1.0 3.00 48.00 51.00 OK
r-oldrel-osx-x86_64 0.1.0 NOTE

Check Details

Version: 0.1.0
Check: dependencies in R code
Result: NOTE
    Namespace in Imports field not imported from: ‘MASS’
     All declared Imports should be used.
Flavors: r-devel-linux-x86_64-fedora-clang, r-devel-linux-x86_64-fedora-gcc, r-patched-solaris-x86, r-release-osx-x86_64, r-oldrel-osx-x86_64