Last updated on 2024-08-31 23:49:02 CEST.
Flavor | Version | Tinstall | Tcheck | Ttotal | Status | Flags |
---|---|---|---|---|---|---|
r-devel-linux-x86_64-debian-clang | 2.0.0 | 20.82 | 236.52 | 257.34 | OK | |
r-devel-linux-x86_64-debian-gcc | 2.0.0 | 14.13 | 159.97 | 174.10 | OK | |
r-devel-linux-x86_64-fedora-clang | 2.0.0 | 436.32 | NOTE | |||
r-devel-linux-x86_64-fedora-gcc | 2.0.0 | 403.13 | OK | |||
r-devel-windows-x86_64 | 2.0.0 | 22.00 | 223.00 | 245.00 | NOTE | |
r-patched-linux-x86_64 | 2.0.0 | 21.90 | 223.18 | 245.08 | OK | |
r-release-linux-x86_64 | 2.0.0 | 17.89 | 221.84 | 239.73 | OK | |
r-release-macos-arm64 | 2.0.0 | 131.00 | NOTE | |||
r-release-macos-x86_64 | 2.0.0 | 352.00 | NOTE | |||
r-release-windows-x86_64 | 2.0.0 | 21.00 | 221.00 | 242.00 | NOTE | |
r-oldrel-macos-arm64 | 2.0.0 | 167.00 | NOTE | |||
r-oldrel-macos-x86_64 | 2.0.0 | 296.00 | NOTE | |||
r-oldrel-windows-x86_64 | 2.0.0 | 28.00 | 280.00 | 308.00 | NOTE |
Version: 2.0.0
Check: installed package size
Result: NOTE
installed size is 5.8Mb
sub-directories of 1Mb or more:
R 2.8Mb
doc 1.8Mb
help 1.1Mb
Flavors: r-devel-linux-x86_64-fedora-clang, r-devel-windows-x86_64, r-release-macos-arm64, r-release-macos-x86_64, r-release-windows-x86_64, r-oldrel-macos-arm64, r-oldrel-macos-x86_64, r-oldrel-windows-x86_64