Last updated on 2024-04-26 17:53:48 CEST.
Flavor | Version | Tinstall | Tcheck | Ttotal | Status | Flags |
---|---|---|---|---|---|---|
r-devel-linux-x86_64-debian-clang | 0.1-1 | 14.70 | 110.51 | 125.21 | OK | |
r-devel-linux-x86_64-debian-gcc | 0.1-1 | 12.74 | 82.33 | 95.07 | OK | |
r-devel-linux-x86_64-fedora-clang | 0.1-1 | 162.87 | OK | |||
r-devel-linux-x86_64-fedora-gcc | 0.1-1 | 167.75 | OK | |||
r-devel-windows-x86_64 | 0.1-1 | 76.00 | 237.00 | 313.00 | OK | |
r-patched-linux-x86_64 | 0.1-1 | 10.07 | 104.53 | 114.60 | OK | |
r-release-linux-x86_64 | 0.1-1 | 9.64 | 106.02 | 115.66 | OK | |
r-release-macos-arm64 | 0.1-1 | 46.00 | OK | |||
r-release-windows-x86_64 | 0.1-1 | 78.00 | 238.00 | 316.00 | OK | |
r-oldrel-macos-arm64 | 0.1-1 | 47.00 | OK | |||
r-oldrel-macos-x86_64 | 0.1-1 | 71.00 | NOTE | |||
r-oldrel-windows-x86_64 | 0.1-1 | 46.00 | 177.00 | 223.00 | OK |
Version: 0.1-1
Check: package dependencies
Result: NOTE
Packages suggested but not available for checking: 'tram', 'cotram'
Flavor: r-oldrel-macos-x86_64
Version: 0.1-1
Check: Rd cross-references
Result: NOTE
Package unavailable to check Rd xrefs: ‘tram’
Flavor: r-oldrel-macos-x86_64