CRAN Package Check Results for Package deformula

Last updated on 2024-04-16 05:14:28 CEST.

Flavor Version Tinstall Tcheck Ttotal Status Flags
r-devel-linux-x86_64-debian-clang 0.1.2 18.39 28.99 47.38 NOTE
r-devel-linux-x86_64-debian-gcc 0.1.2 15.08 22.54 37.62 NOTE
r-devel-linux-x86_64-fedora-clang 0.1.2 69.00 NOTE
r-devel-linux-x86_64-fedora-gcc 0.1.2 65.78 NOTE
r-prerel-macos-arm64 0.1.2 21.00 NOTE
r-prerel-windows-x86_64 0.1.2 17.00 61.00 78.00 NOTE
r-patched-linux-x86_64 0.1.2 18.51 27.77 46.28 NOTE
r-release-linux-x86_64 0.1.2 18.03 27.72 45.75 NOTE
r-release-macos-arm64 0.1.2 23.00 NOTE
r-release-macos-x86_64 0.1.2 36.00 NOTE
r-release-windows-x86_64 0.1.2 16.00 64.00 80.00 NOTE
r-oldrel-macos-arm64 0.1.2 22.00 OK
r-oldrel-windows-x86_64 0.1.2 21.00 69.00 90.00 OK

Check Details

Version: 0.1.2
Check: C++ specification
Result: NOTE Specified C++11: please drop specification unless essential Flavors: r-devel-linux-x86_64-debian-clang, r-devel-linux-x86_64-debian-gcc, r-devel-linux-x86_64-fedora-clang, r-devel-linux-x86_64-fedora-gcc, r-prerel-macos-arm64, r-prerel-windows-x86_64, r-patched-linux-x86_64, r-release-linux-x86_64, r-release-macos-arm64, r-release-macos-x86_64, r-release-windows-x86_64