Last updated on 2023-10-03 18:04:59 CEST.
Flavor | Version | Tinstall | Tcheck | Ttotal | Status | Flags |
---|---|---|---|---|---|---|
r-devel-linux-x86_64-debian-clang | 1.0.2 | 12.50 | 105.74 | 118.24 | OK | |
r-devel-linux-x86_64-debian-gcc | 1.0.2 | 8.57 | 80.16 | 88.73 | OK | |
r-devel-linux-x86_64-fedora-clang | 1.0.2 | 142.40 | OK | |||
r-devel-linux-x86_64-fedora-gcc | 1.0.2 | 141.39 | OK | |||
r-devel-windows-x86_64 | 1.0.2 | 14.00 | 94.00 | 108.00 | OK | |
r-patched-linux-x86_64 | 1.0.2 | 16.46 | 102.54 | 119.00 | OK | |
r-release-linux-x86_64 | 1.0.2 | 10.52 | 105.34 | 115.86 | OK | |
r-release-macos-arm64 | 1.0.2 | 46.00 | OK | |||
r-release-macos-x86_64 | 1.0.2 | 71.00 | NOTE | |||
r-release-windows-x86_64 | 1.0.2 | 16.00 | 108.00 | 124.00 | OK | |
r-oldrel-macos-arm64 | 1.0.2 | 42.00 | OK | |||
r-oldrel-macos-x86_64 | 1.0.2 | 72.00 | OK | |||
r-oldrel-windows-x86_64 | 1.0.2 | 16.00 | 116.00 | 132.00 | OK |
Version: 1.0.2
Check: package dependencies
Result: NOTE
Package suggested but not available for checking: ‘missMDA’
Flavor: r-release-macos-x86_64