Last updated on 2023-06-07 12:00:33 CEST.
Flavor | Version | Tinstall | Tcheck | Ttotal | Status | Flags |
---|---|---|---|---|---|---|
r-devel-linux-x86_64-debian-clang | 1.5-0 | 11.77 | 127.38 | 139.15 | NOTE | |
r-devel-linux-x86_64-debian-gcc | 1.5-0 | 6.88 | 91.94 | 98.82 | NOTE | |
r-devel-linux-x86_64-fedora-clang | 1.5-0 | 169.12 | NOTE | |||
r-devel-linux-x86_64-fedora-gcc | 1.5-0 | 176.24 | NOTE | |||
r-devel-windows-x86_64 | 1.5-0 | 13.00 | 145.00 | 158.00 | NOTE | |
r-patched-linux-x86_64 | 1.5-0 | 14.63 | 121.79 | 136.42 | NOTE | |
r-release-linux-x86_64 | 1.5-0 | 11.54 | 119.90 | 131.44 | NOTE | |
r-release-macos-arm64 | 1.5-0 | 68.00 | NOTE | |||
r-release-macos-x86_64 | 1.5-0 | 110.00 | NOTE | |||
r-release-windows-x86_64 | 1.5-0 | 15.00 | 155.00 | 170.00 | NOTE | |
r-oldrel-macos-arm64 | 1.5-0 | 57.00 | NOTE | |||
r-oldrel-macos-x86_64 | 1.5-0 | 73.00 | NOTE | |||
r-oldrel-windows-x86_64 | 1.5-0 | 17.00 | 162.00 | 179.00 | NOTE |
Version: 1.5-0
Check: package dependencies
Result: NOTE
Package suggested but not available for checking: ‘Rdonlp2’
Flavors: r-devel-linux-x86_64-debian-clang, r-devel-linux-x86_64-debian-gcc, r-devel-linux-x86_64-fedora-clang, r-devel-linux-x86_64-fedora-gcc, r-devel-windows-x86_64, r-patched-linux-x86_64, r-release-linux-x86_64, r-release-macos-arm64, r-release-macos-x86_64, r-release-windows-x86_64, r-oldrel-macos-arm64, r-oldrel-macos-x86_64, r-oldrel-windows-x86_64