CRAN Package Check Results for Package derivmkts

Last updated on 2019-05-22 11:51:36 CEST.

Flavor Version Tinstall Tcheck Ttotal Status Flags
r-devel-linux-x86_64-debian-clang 0.2.3 3.90 40.78 44.68 OK
r-devel-linux-x86_64-debian-gcc 0.2.3 2.87 32.54 35.41 OK
r-devel-linux-x86_64-fedora-clang 0.2.3 54.77 NOTE
r-devel-linux-x86_64-fedora-gcc 0.2.3 53.03 NOTE
r-devel-windows-ix86+x86_64 0.2.3 6.00 67.00 73.00 OK
r-patched-linux-x86_64 0.2.3 3.72 40.82 44.54 OK
r-patched-solaris-x86 0.2.3 77.80 NOTE
r-release-linux-x86_64 0.2.3 4.29 40.95 45.24 OK
r-release-windows-ix86+x86_64 0.2.3 9.00 98.00 107.00 OK
r-release-osx-x86_64 0.2.3 NOTE
r-oldrel-windows-ix86+x86_64 0.2.3 5.00 62.00 67.00 OK
r-oldrel-osx-x86_64 0.2.3 NOTE

Check Details

Version: 0.2.3
Check: dependencies in R code
Result: NOTE
    Namespace in Imports field not imported from: ‘testthat’
     All declared Imports should be used.
Flavors: r-devel-linux-x86_64-fedora-clang, r-devel-linux-x86_64-fedora-gcc, r-patched-solaris-x86, r-release-osx-x86_64, r-oldrel-osx-x86_64