CRAN Package Check Results for Package detectnorm

Last updated on 2024-06-13 18:49:46 CEST.

Flavor Version Tinstall Tcheck Ttotal Status Flags
r-devel-linux-x86_64-debian-clang 1.0.0 6.85 66.81 73.66 OK
r-devel-linux-x86_64-debian-gcc 1.0.0 0.40 1.83 2.23 ERROR
r-devel-linux-x86_64-fedora-clang 1.0.0 92.66 OK
r-devel-linux-x86_64-fedora-gcc 1.0.0 98.42 OK
r-devel-windows-x86_64 1.0.0 7.00 67.00 74.00 OK
r-patched-linux-x86_64 1.0.0 5.15 62.93 68.08 OK
r-release-linux-x86_64 1.0.0 5.41 63.14 68.55 OK
r-release-macos-arm64 1.0.0 35.00 OK
r-release-macos-x86_64 1.0.0 58.00 OK
r-release-windows-x86_64 1.0.0 8.00 72.00 80.00 OK
r-oldrel-macos-arm64 1.0.0 38.00 OK
r-oldrel-macos-x86_64 1.0.0 61.00 OK
r-oldrel-windows-x86_64 1.0.0 8.00 80.00 88.00 OK

Check Details

Version: 1.0.0
Check: package dependencies
Result: ERROR Package required but not available: ‘ggplot2’ Package suggested but not available for checking: ‘testthat’ See section ‘The DESCRIPTION file’ in the ‘Writing R Extensions’ manual. Flavor: r-devel-linux-x86_64-debian-gcc